{"version":"1.0","provider_name":"Stelvision","provider_url":"https:\/\/www.stelvision.com\/astro","author_name":"Bertrand d'Armagnac","author_url":"https:\/\/www.stelvision.com\/astro\/author\/administel\/","title":"La Lune des premiers jours, au t\u00e9lescope","type":"rich","width":600,"height":338,"html":"<blockquote class=\"wp-embedded-content\" data-secret=\"Cq321eyQ01\"><a href=\"https:\/\/www.stelvision.com\/astro\/fiche-observation\/la-lune-des-premiers-jours\/\">La Lune des premiers jours<\/a><\/blockquote><iframe sandbox=\"allow-scripts\" security=\"restricted\" src=\"https:\/\/www.stelvision.com\/astro\/fiche-observation\/la-lune-des-premiers-jours\/embed\/#?secret=Cq321eyQ01\" width=\"600\" height=\"338\" title=\"\u00ab\u00a0La Lune des premiers jours\u00a0\u00bb &#8212; Stelvision\" data-secret=\"Cq321eyQ01\" frameborder=\"0\" marginwidth=\"0\" marginheight=\"0\" scrolling=\"no\" class=\"wp-embedded-content\"><\/iframe><script type=\"text\/javascript\">\n\/* <![CDATA[ *\/\n\/*! This file is auto-generated *\/\n!function(d,l){\"use strict\";l.querySelector&&d.addEventListener&&\"undefined\"!=typeof URL&&(d.wp=d.wp||{},d.wp.receiveEmbedMessage||(d.wp.receiveEmbedMessage=function(e){var t=e.data;if((t||t.secret||t.message||t.value)&&!\/[^a-zA-Z0-9]\/.test(t.secret)){for(var s,r,n,a=l.querySelectorAll('iframe[data-secret=\"'+t.secret+'\"]'),o=l.querySelectorAll('blockquote[data-secret=\"'+t.secret+'\"]'),c=new RegExp(\"^https?:$\",\"i\"),i=0;i<o.length;i++)o[i].style.display=\"none\";for(i=0;i<a.length;i++)s=a[i],e.source===s.contentWindow&&(s.removeAttribute(\"style\"),\"height\"===t.message?(1e3<(r=parseInt(t.value,10))?r=1e3:~~r<200&&(r=200),s.height=r):\"link\"===t.message&&(r=new URL(s.getAttribute(\"src\")),n=new URL(t.value),c.test(n.protocol))&&n.host===r.host&&l.activeElement===s&&(d.top.location.href=t.value))}},d.addEventListener(\"message\",d.wp.receiveEmbedMessage,!1),l.addEventListener(\"DOMContentLoaded\",function(){for(var e,t,s=l.querySelectorAll(\"iframe.wp-embedded-content\"),r=0;r<s.length;r++)(t=(e=s[r]).getAttribute(\"data-secret\"))||(t=Math.random().toString(36).substring(2,12),e.src+=\"#?secret=\"+t,e.setAttribute(\"data-secret\",t)),e.contentWindow.postMessage({message:\"ready\",secret:t},\"*\")},!1)))}(window,document);\n\/\/# sourceURL=https:\/\/www.stelvision.com\/astro\/wp-includes\/js\/wp-embed.min.js\n\/* ]]> *\/\n<\/script>\n","thumbnail_url":"https:\/\/www.stelvision.com\/astro\/wp-content\/uploads\/2026\/03\/CAT-Lune-des-premiers-jours-vue-generale-1200x630-apercu-lien.webp","thumbnail_width":1200,"thumbnail_height":630,"description":"Dans les premiers jours de son cycle, la Lune offre le spectacle d\u00e9licat d\u2019un fin croissant par\u00e9 de lumi\u00e8re cendr\u00e9e. Sur la mince partie illumin\u00e9e du disque lunaire, la lumi\u00e8re douce du soleil levant invite \u00e0 la contemplation et \u00e0 la d\u00e9couverte."}

La Lune des premiers jours, au télescope

Dans les premiers jours de son cycle, la Lune offre le spectacle délicat d’un fin croissant paré de lumière cendrée. Sur la mince partie illuminée du disque lunaire, la lumière douce du soleil levant invite à la contemplation et à la découverte.
