{"id":10521,"date":"2019-11-20T14:35:18","date_gmt":"2019-11-20T13:35:18","guid":{"rendered":"https:\/\/www.stelvision.com\/astro\/?page_id=10521"},"modified":"2026-01-15T15:16:55","modified_gmt":"2026-01-15T14:16:55","slug":"photographier-et-dessiner-le-ciel","status":"publish","type":"page","link":"https:\/\/www.stelvision.com\/astro\/photographier-et-dessiner-le-ciel\/","title":{"rendered":"Photographier et dessiner le ciel"},"content":{"rendered":"\n<p class=\"chapo\">Le ciel regorge de sujets qu&rsquo;il est tr\u00e8s tentant d&rsquo;immortaliser, ce que l&rsquo;astrophotographie et l&rsquo;astrodessin permettent.<\/p>\n\n\n\r\n<!-- 3\/10\/19 : on tente un affichage en grille (1 ligne, 2 colonnes) pour \u00e9viter les inconv\u00e9nients du texte long qui passe sous l'image quand on se contente d'un float -->\r\n\r\n<section class=\"summary-wrapper mb20 boxFocus-solid\">\r\n\t<div class=\"summary-image\">\r\n\t\t<img decoding=\"async\" width=\"400\" height=\"400\" src=\"https:\/\/www.stelvision.com\/astro\/wp-content\/uploads\/2019\/11\/mosaique-concours-carre.jpg\" class=\"attachment-400x0 size-400x0\" alt=\"\" srcset=\"https:\/\/www.stelvision.com\/astro\/wp-content\/uploads\/2019\/11\/mosaique-concours-carre.jpg 500w, https:\/\/www.stelvision.com\/astro\/wp-content\/uploads\/2019\/11\/mosaique-concours-carre-150x150.jpg 150w, https:\/\/www.stelvision.com\/astro\/wp-content\/uploads\/2019\/11\/mosaique-concours-carre-300x300.jpg 300w, https:\/\/www.stelvision.com\/astro\/wp-content\/uploads\/2019\/11\/mosaique-concours-carre-368x368.jpg 368w, https:\/\/www.stelvision.com\/astro\/wp-content\/uploads\/2019\/11\/mosaique-concours-carre-270x270.jpg 270w, https:\/\/www.stelvision.com\/astro\/wp-content\/uploads\/2019\/11\/mosaique-concours-carre-62x62.jpg 62w, https:\/\/www.stelvision.com\/astro\/wp-content\/uploads\/2019\/11\/mosaique-concours-carre-100x100.jpg 100w\" sizes=\"(max-width: 400px) 100vw, 400px\" \/>\t<\/div>\r\n\t<div>\r\n\t\t<header>\r\n\t\t<h2>Galeries et concours photo Stelvision<\/h2>\t\r\n\t\t<\/header>\r\n\t\t<p class=\"summary-paragraph\">\r\n\t\t\tChaque trimestre, un concours photo est ouvert aux fid\u00e8les de Stelvision, qui leur permet de soumettre leurs plus belles images au vote du jury. Les plus belles photos sont ensuite consultables dans des galeries th\u00e9matiques.\t\t<\/p>\r\n\t\t<p class=\"summary-link\"><a href=\"https:\/\/www.stelvision.com\/astro\/galeries-photo\/\"><i class=\"neko-icon-play\"><\/i>Les galeries photo<\/a><\/p>\t<\/div>\r\n<\/section>\r\n\n\n\r\n<!-- 3\/10\/19 : on tente un affichage en grille (1 ligne, 2 colonnes) pour \u00e9viter les inconv\u00e9nients du texte long qui passe sous l'image quand on se contente d'un float -->\r\n\r\n<section class=\"summary-wrapper mb20 boxFocus-solid\">\r\n\t<div class=\"summary-image\">\r\n\t\t<img decoding=\"async\" width=\"400\" height=\"279\" src=\"https:\/\/www.stelvision.com\/astro\/wp-content\/uploads\/2021\/09\/67bis.jpg\" class=\"attachment-400x0 size-400x0\" alt=\"\" srcset=\"https:\/\/www.stelvision.com\/astro\/wp-content\/uploads\/2021\/09\/67bis.jpg 600w, https:\/\/www.stelvision.com\/astro\/wp-content\/uploads\/2021\/09\/67bis-300x210.jpg 300w, https:\/\/www.stelvision.com\/astro\/wp-content\/uploads\/2021\/09\/67bis-570x398.jpg 570w, https:\/\/www.stelvision.com\/astro\/wp-content\/uploads\/2021\/09\/67bis-368x257.jpg 368w, https:\/\/www.stelvision.com\/astro\/wp-content\/uploads\/2021\/09\/67bis-270x189.jpg 270w\" sizes=\"(max-width: 400px) 100vw, 400px\" \/>\t<\/div>\r\n\t<div>\r\n\t\t<header>\r\n\t\t<h2>Astrophotographie<\/h2>\t\r\n\t\t<\/header>\r\n\t\t<p class=\"summary-paragraph\">\r\n\t\t\tPour garder un souvenir de ses d\u00e9couvertes ou les partager avec son entourage, l&rsquo;envie de photographier ce qu&rsquo;on voit dans le ciel est tentante&#8230;\t\t<\/p>\r\n\t\t<p class=\"summary-link\"><a href=\"https:\/\/www.stelvision.com\/astro\/photographier-le-ciel-avec-un-smartphone\/\"><i class=\"neko-icon-play\"><\/i>La photo du ciel avec un smartphone<\/a><\/p><p class=\"summary-link\"><a href=\"https:\/\/www.stelvision.com\/astro\/premieres-photos-du-ciel-debuter-astrophotographie\/\"><i class=\"neko-icon-play\"><\/i>Mes premi\u00e8res photos du ciel<\/a><\/p><p class=\"summary-link\"><a href=\"https:\/\/www.stelvision.com\/astro\/photo-eclipses-hdr\/\"><i class=\"neko-icon-play\"><\/i>Conseils pour r\u00e9ussir ses photos d\u2019\u00e9clipse de Soleil en HDR (compl\u00e9ment au livre Les Soleils noirs de 2026 et 2027)<\/a><\/p>\t<\/div>\r\n<\/section>\r\n\n\n\r\n<!-- 3\/10\/19 : on tente un affichage en grille (1 ligne, 2 colonnes) pour \u00e9viter les inconv\u00e9nients du texte long qui passe sous l'image quand on se contente d'un float -->\r\n\r\n<section class=\"summary-wrapper mb20 boxFocus-solid\">\r\n\t<div class=\"summary-image\">\r\n\t\t<img decoding=\"async\" width=\"400\" height=\"400\" src=\"https:\/\/www.stelvision.com\/astro\/wp-content\/uploads\/2019\/11\/dessin_carre.jpg\" class=\"attachment-400x0 size-400x0\" alt=\"\" srcset=\"https:\/\/www.stelvision.com\/astro\/wp-content\/uploads\/2019\/11\/dessin_carre.jpg 536w, https:\/\/www.stelvision.com\/astro\/wp-content\/uploads\/2019\/11\/dessin_carre-150x150.jpg 150w, https:\/\/www.stelvision.com\/astro\/wp-content\/uploads\/2019\/11\/dessin_carre-300x300.jpg 300w, https:\/\/www.stelvision.com\/astro\/wp-content\/uploads\/2019\/11\/dessin_carre-368x368.jpg 368w, https:\/\/www.stelvision.com\/astro\/wp-content\/uploads\/2019\/11\/dessin_carre-270x270.jpg 270w, https:\/\/www.stelvision.com\/astro\/wp-content\/uploads\/2019\/11\/dessin_carre-62x62.jpg 62w, https:\/\/www.stelvision.com\/astro\/wp-content\/uploads\/2019\/11\/dessin_carre-100x100.jpg 100w\" sizes=\"(max-width: 400px) 100vw, 400px\" \/>\t<\/div>\r\n\t<div>\r\n\t\t<header>\r\n\t\t<h2>Astrodessin<\/h2>\t\r\n\t\t<\/header>\r\n\t\t<p class=\"summary-paragraph\">\r\n\t\t\tL&rsquo;astrodessin est une discipline moins connue que l&rsquo;astrophotographie, mais pleine d&rsquo;int\u00e9r\u00eats ! Et elle est accessible \u00e0 tous&#8230;\t\t<\/p>\r\n\t\t<p class=\"summary-link\"><a href=\"https:\/\/www.stelvision.com\/astro\/premier-dessin-astronomique-astrodessin\/\"><i class=\"neko-icon-play\"><\/i>Technique : Faire son premier dessin astronomique<\/a><\/p><p class=\"summary-link\"><a href=\"https:\/\/www.stelvision.com\/astro\/astrodessin\/\"><i class=\"neko-icon-play\"><\/i>Des ressources et des liens pour s&rsquo;initier et progresser<\/a><\/p>\t<\/div>\r\n<\/section>\r\n","protected":false},"excerpt":{"rendered":"<p>Le ciel regorge de sujets qu&rsquo;il est tr\u00e8s tentant d&rsquo;immortaliser, ce que l&rsquo;astrophotographie et l&rsquo;astrodessin permettent.<\/p>\n","protected":false},"author":5,"featured_media":0,"parent":0,"menu_order":0,"comment_status":"closed","ping_status":"closed","template":"","meta":{"_acf_changed":false,"footnotes":""},"class_list":["post-10521","page","type-page","status-publish","hentry"],"acf":[],"yoast_head":"<!-- This site is optimized with the Yoast SEO plugin v27.5 - https:\/\/yoast.com\/product\/yoast-seo-wordpress\/ -->\n<title>Photographier et dessiner le ciel<\/title>\n<meta name=\"description\" content=\"Le ciel regorge de sujets qu&#039;il est tr\u00e8s tentant d&#039;immortaliser, ce que l&#039;astrophotographie et l&#039;astrodessin permettent.\" \/>\n<meta name=\"robots\" content=\"index, follow, max-snippet:-1, max-image-preview:large, max-video-preview:-1\" \/>\n<link rel=\"canonical\" href=\"https:\/\/www.stelvision.com\/astro\/photographier-et-dessiner-le-ciel\/\" \/>\n<meta property=\"og:locale\" content=\"fr_FR\" \/>\n<meta property=\"og:type\" content=\"article\" \/>\n<meta property=\"og:title\" content=\"Photographier et dessiner le ciel\" \/>\n<meta property=\"og:description\" content=\"Le ciel regorge de sujets qu&#039;il est tr\u00e8s tentant d&#039;immortaliser, ce que l&#039;astrophotographie et l&#039;astrodessin permettent.\" \/>\n<meta property=\"og:url\" content=\"https:\/\/www.stelvision.com\/astro\/photographier-et-dessiner-le-ciel\/\" \/>\n<meta property=\"og:site_name\" content=\"Stelvision\" \/>\n<meta property=\"article:publisher\" content=\"https:\/\/www.facebook.com\/people\/Stelvision\/100063368192331\/\" \/>\n<meta property=\"article:modified_time\" content=\"2026-01-15T14:16:55+00:00\" \/>\n<meta name=\"twitter:card\" content=\"summary_large_image\" \/>\n<meta name=\"twitter:label1\" content=\"Dur\u00e9e de lecture estim\u00e9e\" \/>\n\t<meta name=\"twitter:data1\" content=\"1 minute\" \/>\n<script type=\"application\/ld+json\" class=\"yoast-schema-graph\">{\"@context\":\"https:\\\/\\\/schema.org\",\"@graph\":[{\"@type\":\"WebPage\",\"@id\":\"https:\\\/\\\/www.stelvision.com\\\/astro\\\/photographier-et-dessiner-le-ciel\\\/\",\"url\":\"https:\\\/\\\/www.stelvision.com\\\/astro\\\/photographier-et-dessiner-le-ciel\\\/\",\"name\":\"Photographier et dessiner le ciel\",\"isPartOf\":{\"@id\":\"https:\\\/\\\/www.stelvision.com\\\/astro\\\/#website\"},\"datePublished\":\"2019-11-20T13:35:18+00:00\",\"dateModified\":\"2026-01-15T14:16:55+00:00\",\"description\":\"Le ciel regorge de sujets qu'il est tr\u00e8s tentant d'immortaliser, ce que l'astrophotographie et l'astrodessin permettent.\",\"breadcrumb\":{\"@id\":\"https:\\\/\\\/www.stelvision.com\\\/astro\\\/photographier-et-dessiner-le-ciel\\\/#breadcrumb\"},\"inLanguage\":\"fr-FR\",\"potentialAction\":[{\"@type\":\"ReadAction\",\"target\":[\"https:\\\/\\\/www.stelvision.com\\\/astro\\\/photographier-et-dessiner-le-ciel\\\/\"]}]},{\"@type\":\"BreadcrumbList\",\"@id\":\"https:\\\/\\\/www.stelvision.com\\\/astro\\\/photographier-et-dessiner-le-ciel\\\/#breadcrumb\",\"itemListElement\":[{\"@type\":\"ListItem\",\"position\":1,\"name\":\"Accueil\",\"item\":\"https:\\\/\\\/www.stelvision.com\\\/astro\\\/\"},{\"@type\":\"ListItem\",\"position\":2,\"name\":\"Photographier et dessiner le ciel\"}]},{\"@type\":\"WebSite\",\"@id\":\"https:\\\/\\\/www.stelvision.com\\\/astro\\\/#website\",\"url\":\"https:\\\/\\\/www.stelvision.com\\\/astro\\\/\",\"name\":\"Stelvision\",\"description\":\"conseils, livres et mat\u00e9riel d&#039;observation du ciel\",\"publisher\":{\"@id\":\"https:\\\/\\\/www.stelvision.com\\\/astro\\\/#organization\"},\"potentialAction\":[{\"@type\":\"SearchAction\",\"target\":{\"@type\":\"EntryPoint\",\"urlTemplate\":\"https:\\\/\\\/www.stelvision.com\\\/astro\\\/?s={search_term_string}\"},\"query-input\":{\"@type\":\"PropertyValueSpecification\",\"valueRequired\":true,\"valueName\":\"search_term_string\"}}],\"inLanguage\":\"fr-FR\"},{\"@type\":\"Organization\",\"@id\":\"https:\\\/\\\/www.stelvision.com\\\/astro\\\/#organization\",\"name\":\"Stelvision\",\"url\":\"https:\\\/\\\/www.stelvision.com\\\/astro\\\/\",\"logo\":{\"@type\":\"ImageObject\",\"inLanguage\":\"fr-FR\",\"@id\":\"https:\\\/\\\/www.stelvision.com\\\/astro\\\/#\\\/schema\\\/logo\\\/image\\\/\",\"url\":\"https:\\\/\\\/www.stelvision.com\\\/astro\\\/wp-content\\\/uploads\\\/2019\\\/03\\\/logo_lisse_bleu_Stelvision_600.png\",\"contentUrl\":\"https:\\\/\\\/www.stelvision.com\\\/astro\\\/wp-content\\\/uploads\\\/2019\\\/03\\\/logo_lisse_bleu_Stelvision_600.png\",\"width\":600,\"height\":277,\"caption\":\"Stelvision\"},\"image\":{\"@id\":\"https:\\\/\\\/www.stelvision.com\\\/astro\\\/#\\\/schema\\\/logo\\\/image\\\/\"},\"sameAs\":[\"https:\\\/\\\/www.facebook.com\\\/people\\\/Stelvision\\\/100063368192331\\\/\"]}]}<\/script>\n<!-- \/ Yoast SEO plugin. -->","yoast_head_json":{"title":"Photographier et dessiner le ciel","description":"Le ciel regorge de sujets qu'il est tr\u00e8s tentant d'immortaliser, ce que l'astrophotographie et l'astrodessin permettent.","robots":{"index":"index","follow":"follow","max-snippet":"max-snippet:-1","max-image-preview":"max-image-preview:large","max-video-preview":"max-video-preview:-1"},"canonical":"https:\/\/www.stelvision.com\/astro\/photographier-et-dessiner-le-ciel\/","og_locale":"fr_FR","og_type":"article","og_title":"Photographier et dessiner le ciel","og_description":"Le ciel regorge de sujets qu'il est tr\u00e8s tentant d'immortaliser, ce que l'astrophotographie et l'astrodessin permettent.","og_url":"https:\/\/www.stelvision.com\/astro\/photographier-et-dessiner-le-ciel\/","og_site_name":"Stelvision","article_publisher":"https:\/\/www.facebook.com\/people\/Stelvision\/100063368192331\/","article_modified_time":"2026-01-15T14:16:55+00:00","twitter_card":"summary_large_image","twitter_misc":{"Dur\u00e9e de lecture estim\u00e9e":"1 minute"},"schema":{"@context":"https:\/\/schema.org","@graph":[{"@type":"WebPage","@id":"https:\/\/www.stelvision.com\/astro\/photographier-et-dessiner-le-ciel\/","url":"https:\/\/www.stelvision.com\/astro\/photographier-et-dessiner-le-ciel\/","name":"Photographier et dessiner le ciel","isPartOf":{"@id":"https:\/\/www.stelvision.com\/astro\/#website"},"datePublished":"2019-11-20T13:35:18+00:00","dateModified":"2026-01-15T14:16:55+00:00","description":"Le ciel regorge de sujets qu'il est tr\u00e8s tentant d'immortaliser, ce que l'astrophotographie et l'astrodessin permettent.","breadcrumb":{"@id":"https:\/\/www.stelvision.com\/astro\/photographier-et-dessiner-le-ciel\/#breadcrumb"},"inLanguage":"fr-FR","potentialAction":[{"@type":"ReadAction","target":["https:\/\/www.stelvision.com\/astro\/photographier-et-dessiner-le-ciel\/"]}]},{"@type":"BreadcrumbList","@id":"https:\/\/www.stelvision.com\/astro\/photographier-et-dessiner-le-ciel\/#breadcrumb","itemListElement":[{"@type":"ListItem","position":1,"name":"Accueil","item":"https:\/\/www.stelvision.com\/astro\/"},{"@type":"ListItem","position":2,"name":"Photographier et dessiner le ciel"}]},{"@type":"WebSite","@id":"https:\/\/www.stelvision.com\/astro\/#website","url":"https:\/\/www.stelvision.com\/astro\/","name":"Stelvision","description":"conseils, livres et mat\u00e9riel d&#039;observation du ciel","publisher":{"@id":"https:\/\/www.stelvision.com\/astro\/#organization"},"potentialAction":[{"@type":"SearchAction","target":{"@type":"EntryPoint","urlTemplate":"https:\/\/www.stelvision.com\/astro\/?s={search_term_string}"},"query-input":{"@type":"PropertyValueSpecification","valueRequired":true,"valueName":"search_term_string"}}],"inLanguage":"fr-FR"},{"@type":"Organization","@id":"https:\/\/www.stelvision.com\/astro\/#organization","name":"Stelvision","url":"https:\/\/www.stelvision.com\/astro\/","logo":{"@type":"ImageObject","inLanguage":"fr-FR","@id":"https:\/\/www.stelvision.com\/astro\/#\/schema\/logo\/image\/","url":"https:\/\/www.stelvision.com\/astro\/wp-content\/uploads\/2019\/03\/logo_lisse_bleu_Stelvision_600.png","contentUrl":"https:\/\/www.stelvision.com\/astro\/wp-content\/uploads\/2019\/03\/logo_lisse_bleu_Stelvision_600.png","width":600,"height":277,"caption":"Stelvision"},"image":{"@id":"https:\/\/www.stelvision.com\/astro\/#\/schema\/logo\/image\/"},"sameAs":["https:\/\/www.facebook.com\/people\/Stelvision\/100063368192331\/"]}]}},"_links":{"self":[{"href":"https:\/\/www.stelvision.com\/astro\/wp-json\/wp\/v2\/pages\/10521","targetHints":{"allow":["GET"]}}],"collection":[{"href":"https:\/\/www.stelvision.com\/astro\/wp-json\/wp\/v2\/pages"}],"about":[{"href":"https:\/\/www.stelvision.com\/astro\/wp-json\/wp\/v2\/types\/page"}],"author":[{"embeddable":true,"href":"https:\/\/www.stelvision.com\/astro\/wp-json\/wp\/v2\/users\/5"}],"replies":[{"embeddable":true,"href":"https:\/\/www.stelvision.com\/astro\/wp-json\/wp\/v2\/comments?post=10521"}],"version-history":[{"count":21,"href":"https:\/\/www.stelvision.com\/astro\/wp-json\/wp\/v2\/pages\/10521\/revisions"}],"predecessor-version":[{"id":73808,"href":"https:\/\/www.stelvision.com\/astro\/wp-json\/wp\/v2\/pages\/10521\/revisions\/73808"}],"wp:attachment":[{"href":"https:\/\/www.stelvision.com\/astro\/wp-json\/wp\/v2\/media?parent=10521"}],"curies":[{"name":"wp","href":"https:\/\/api.w.org\/{rel}","templated":true}]}}