{"id":1462,"date":"2018-06-22T14:39:32","date_gmt":"2018-06-22T12:39:32","guid":{"rendered":"https:\/\/www.stelvision.com\/astro\/?post_type=product&#038;p=1462"},"modified":"2026-03-31T02:39:08","modified_gmt":"2026-03-31T00:39:08","slug":"easyscope","status":"publish","type":"product","link":"https:\/\/www.stelvision.com\/astro\/boutique\/easyscope\/","title":{"rendered":"Monoculaire easyScope 8&#215;42"},"content":{"rendered":"<h2>Prenez, explorez !<\/h2>\n<p>L&rsquo;easyScope a un fonctionnement comparable \u00e0 des jumelles, mais dans une version encore plus simple et compacte. Emmenez-le partout pour des promenades dans le ciel ou dans la nature !<\/p>\n<p><strong>L&rsquo;observation du ciel \u00e9toil\u00e9 aux jumelles est une source d&rsquo;\u00e9merveillement<\/strong>, pour le d\u00e9butant comme pour l&rsquo;astronome amateur confirm\u00e9. <strong>Pour le d\u00e9butant :<\/strong> plut\u00f4t que d&rsquo;acheter d&#8217;embl\u00e9e un t\u00e9lescope qui pourra \u00eatre un peu d\u00e9licat \u00e0 mettre en \u0153uvre et \u00e0 transporter, les jumelles permettent de se familiariser facilement avec le ciel et permettent d\u00e9j\u00e0 des observations passionnantes ! <strong>Pour l&rsquo;amateur confirm\u00e9 :<\/strong>\u00a0les jumelles sont un instrument d&rsquo;appoint tr\u00e8s utilis\u00e9, en compl\u00e9ment d&rsquo;un t\u00e9lescope.<\/p>\n<p>Stelvision vous propose ce monoculaire 8&#215;42 qui vous permettra de r\u00e9aliser les observations d\u00e9crites dans le <strong>guide Stelvision \u00e0 t\u00e9l\u00e9charger gratuitement<\/strong> (20 fiches d&rsquo;observation), ou dans le livre <a href=\"https:\/\/www.stelvision.com\/astro\/boutique\/guide-le-ciel-aux-jumelles\/\">Le Ciel aux jumelles<\/a> (35 fiches d&rsquo;observation).<\/p>\n<ul class=\"boxFocus color1\">\n<li><strong>Aucune installation ni r\u00e9glage compliqu\u00e9.<\/strong><\/li>\n<li><strong>Un v\u00e9ritable petit instrument d&rsquo;optique offrant un grossissement de 8 fois et une bonne luminosit\u00e9 <\/strong>gr\u00e2ce \u00e0 son objectif de 42 mm de diam\u00e8tre et ses prismes en verre BAK4.<\/li>\n<li><strong>S\u2019utilise \u00e0 main lev\u00e9e et peut aussi se visser facilement sur un tr\u00e9pied photo standard.<\/strong><\/li>\n<li><strong>Construction robuste <\/strong>et \u00e9tanche aux projections d&rsquo;eau.<\/li>\n<li><strong>Compact et l\u00e9ger<\/strong> (290 g).<\/li>\n<li><strong>Utilisable pour des observations terrestres <\/strong>: nature, sport, spectacles&#8230;<\/li>\n<\/ul>\n<p><div class=\"stel-collapsible-wrapper\">\t<input id=\"stel-collapsible__uid__1\" class=\"stel-collapsible-toggle\" type=\"checkbox\">\t<label for=\"stel-collapsible__uid__1\" class=\"stel-collapsible-label-toggle\" tabindex=\"0\">Que puis-je observer avec ce monoculaire ?\t<\/label>\t<div class=\"stel-collapsible-content\">\t\t<div class=\"stel-collapsible-content-body\"><br \/>\nDes amas d&rsquo;\u00e9toiles, des n\u00e9buleuses, la Lune, des galaxies, et m\u00eame des satellites de Jupiter : en fonction des saisons et avec un peu de patience, vous serez surpris par tout ce que l&rsquo;on peut voir avec un instrument aussi simple et compact ! Encore faut-il savoir quoi regarder : c&rsquo;est pourquoi un <a href=\"https:\/\/www.stelvision.com\/astro\/guide-observation-jumelles\/\" target=\"_blank\" rel=\"noopener noreferrer\">guide en ligne<\/a> est disponible sur notre site. Une version imprimable de ce guide est fournie gratuitement en t\u00e9l\u00e9chargement pour tout achat d&rsquo;un easyScope. Vous pouvez \u00e9galement choisir d&rsquo;acheter le livre <a class=\"lienFort\" href=\"https:\/\/www.stelvision.com\/astro\/boutique\/guide-le-ciel-aux-jumelles\/\">Le Ciel aux jumelles<\/a>, encore plus complet et pratique (l&rsquo;achat simultan\u00e9 du livre et du easyScope vous donne droit \u00e0 une r\u00e9duction, voir nos packs en bas de page).<\/p>\n<p>Parmi les observations propos\u00e9es :<\/p>\n<ul>\n<li><strong>De grands champs stellaires <\/strong>: easyScope donne acc\u00e8s \u00e0 plus de 200 000 \u00e9toiles, soit 40 fois plus qu&rsquo;\u00e0 l&rsquo;\u0153il nu ! Certaines r\u00e9gions du ciel comme la constellation du Cygne sont particuli\u00e8rement riches en \u00e9toiles et s\u2019y promener par une belle nuit d\u2019\u00e9t\u00e9 est un vrai r\u00e9gal\u2026<\/li>\n<li><strong>Des amas d\u2019\u00e9toiles<\/strong>\u00a0: les Pl\u00e9iades, l\u2019amas d\u2019Hercule, le double-amas de Pers\u00e9e, l\u2019amas de la Cr\u00e8che\u2026<\/li>\n<li><strong>Des n\u00e9buleuses <\/strong>: la n\u00e9buleuse d\u2019Orion en hiver, les n\u00e9buleuses du Sagittaire en \u00e9t\u00e9\u2026<\/li>\n<li><strong>La Lune <\/strong>: en l\u2019observant r\u00e9guli\u00e8rement et attentivement, de pr\u00e9f\u00e9rence sur un pied photo pour \u00e9viter tout tremblement, vous serez \u00e9tonn\u00e9 de tous les d\u00e9tails que l\u2019on y per\u00e7oit en fonction de ses phases (mers, reliefs, principaux crat\u00e8res).<\/li>\n<li><strong>Les quatre principaux satellites de Jupiter : <\/strong>ils entourent la plan\u00e8te sous la forme de quatre petits points blancs dont la position varie d\u2019un jour \u00e0 l\u2019autre !<\/li>\n<li><strong>Des galaxies <\/strong>: immens\u00e9ment lointaines, \u00e0 des millions d\u2019ann\u00e9es-lumi\u00e8re, certaines sont visibles avec easyScope (M31, M51\u2026).<\/li>\n<li><strong>Des com\u00e8tes <\/strong>: il arrive r\u00e9guli\u00e8rement (2 \u00e0 3 fois par an) que des com\u00e8tes deviennent visibles aux jumelles lors de leur passage au plus pr\u00e8s de la Terre et du Soleil. Amusez-vous \u00e0 suivre leurs d\u00e9placements parmi les \u00e9toiles !<\/li>\n<\/ul>\n<p>\t\t<\/div>\t<\/div><\/div><br \/>\n<div class=\"stel-collapsible-wrapper\">\t<input id=\"stel-collapsible__uid__2\" class=\"stel-collapsible-toggle\" type=\"checkbox\">\t<label for=\"stel-collapsible__uid__2\" class=\"stel-collapsible-label-toggle\" tabindex=\"0\">Un grossissement de 8 fois, est-ce suffisant ? Pourquoi ne pas acheter directement un t\u00e9lescope ou une lunette grossissant 200 fois ?\t<\/label>\t<div class=\"stel-collapsible-content\">\t\t<div class=\"stel-collapsible-content-body\"><br \/>\n<strong>L\u2019astronomie peut \u00eatre pratiqu\u00e9e avec tout type de grossissement<\/strong> : \u00e0 l\u2019\u0153il nu (grossissement 1x), aux jumelles (typiquement entre 7x et 10x), au t\u00e9lescope (entre 50x et 200x le plus souvent). Les forts grossissements sont int\u00e9ressants pour acc\u00e9der aux petits d\u00e9tails, notamment sur les plan\u00e8tes. Mais <strong>plus on grossit, plus le champ de vision r\u00e9tr\u00e9cit <\/strong>et plus le pointage doit \u00eatre pr\u00e9cis. Les jumelles et les monoculaires de faible grossissement comme l&rsquo;easyScope permettent :<\/p>\n<ul>\n<li>Un <strong>champ de vision large<\/strong>, sup\u00e9rieur \u00e0 6\u00b0 pour easyScope (12 fois la taille de la pleine Lune) qui <strong>facilite la vis\u00e9e<\/strong> et donne de magnifiques vues de <strong>grandes \u00e9tendues de ciel \u00e9toil\u00e9<\/strong>.<\/li>\n<li>Une <strong>observation \u00e0 main lev\u00e9e<\/strong>, sans tr\u00e9pied (un tr\u00e9pied sera utile pour acc\u00e9der aux plus fins d\u00e9tails comme des crat\u00e8res sur la Lune).<\/li>\n<\/ul>\n<p>\t\t<\/div>\t<\/div><\/div><br \/>\n<div class=\"stel-collapsible-wrapper\">\t<input id=\"stel-collapsible__uid__3\" class=\"stel-collapsible-toggle\" type=\"checkbox\">\t<label for=\"stel-collapsible__uid__3\" class=\"stel-collapsible-label-toggle\" tabindex=\"0\">Le diam\u00e8tre de 42 mm est-il suffisant ?\t<\/label>\t<div class=\"stel-collapsible-content\">\t\t<div class=\"stel-collapsible-content-body\"><br \/>\nLe diam\u00e8tre de 42 mm procure une meilleure <strong>luminosit\u00e9<\/strong> que les 25 mm ou 32 mm des jumelles compactes faites pour \u00eatre utilis\u00e9es en plein jour. La combinaison 8&#215;42 (grossissement 8x, diam\u00e8tre 42 mm) est un bon \u00e9quilibre puissance\/encombrement\/prix.<br \/>\nLes passionn\u00e9s d&rsquo;astronomie recommandent souvent les <a href=\"https:\/\/www.stelvision.com\/astro\/boutique\/jumelles-10x50-st2\/\">jumelles 10&#215;50<\/a> avec de bonnes raisons. Mais elles sont plus lourdes et encombrantes : elles restent \u00e0 la maison ou dans la voiture, on ne les emm\u00e8ne pas en promenade. A vous de choisir :<\/p>\n<ul>\n<li><strong>Un easyScope 8&#215;42<\/strong> pour la simplicit\u00e9, la compacit\u00e9 et le prix. Il tient dans la poche d\u2019un blouson et n\u2019alourdit pas un sac \u00e0 dos de randonn\u00e9e. Pas de r\u00e9glage d\u2019\u00e9cartement des yeux, ni de mise au point \u00e0 faire pour chaque \u0153il. Enfin, il est possible d\u2019observer les deux yeux ouverts avec un \u0153il qui observe directement le ciel et l\u2019autre \u00e0 travers l&rsquo;easyScope : cela facilite la vis\u00e9e et procure, gr\u00e2ce aux surprenantes capacit\u00e9s de superposition du cerveau, un \u00e9tonnant effet de \u00ab r\u00e9alit\u00e9 augment\u00e9e \u00bb !<\/li>\n<li><strong><a href=\"https:\/\/www.stelvision.com\/astro\/boutique\/jumelles-10x50-st2\/\">Des jumelles 10&#215;50<\/a><\/strong> pour la puissance et l&rsquo;agr\u00e9ment d&rsquo;observer avec les deux yeux. Le diam\u00e8tre plus grand de ces jumelles (50 mm) rend les images plus lumineuses et le grossissement un peu plus fort (10x) permet de mieux voir les petits d\u00e9tails (crat\u00e8res de la Lune, satellite de Jupiter) &#8211; \u00e0 condition de ne pas trop trembler ou d&rsquo;utiliser un tr\u00e9pied.<\/li>\n<\/ul>\n<p>\t\t<\/div>\t<\/div><\/div><br \/>\n<div class=\"stel-collapsible-wrapper\">\t<input id=\"stel-collapsible__uid__4\" class=\"stel-collapsible-toggle\" type=\"checkbox\">\t<label for=\"stel-collapsible__uid__4\" class=\"stel-collapsible-label-toggle\" tabindex=\"0\">Peut-on voir les anneaux de Saturne avec easyScope ?\t<\/label>\t<div class=\"stel-collapsible-content\">\t\t<div class=\"stel-collapsible-content-body\"><br \/>\nPour Saturne, comptez au minimum un grossissement de 40x pour voir les anneaux. Il faut donc un <a href=\"https:\/\/www.stelvision.com\/astro\/produits\/telescopes-lunettes\/\">t\u00e9lescope ou une lunette astronomique<\/a>.<br \/>\n\t\t<\/div>\t<\/div><\/div><br \/>\n<div class=\"stel-collapsible-wrapper\">\t<input id=\"stel-collapsible__uid__5\" class=\"stel-collapsible-toggle\" type=\"checkbox\">\t<label for=\"stel-collapsible__uid__5\" class=\"stel-collapsible-label-toggle\" tabindex=\"0\">Quel est le niveau de qualit\u00e9 de ce produit ?\t<\/label>\t<div class=\"stel-collapsible-content\">\t\t<div class=\"stel-collapsible-content-body\"><br \/>\nLa qualit\u00e9 optique est tr\u00e8s bonne pour ce niveau de prix. Le piqu\u00e9 au centre de l&rsquo;image est excellent. En bord de champ, les \u00e9toiles subissent une perte de piqu\u00e9 qui est un ph\u00e9nom\u00e8ne normal : tous les astronomes amateurs le connaissent, \u00e0 moins d\u2019engloutir toutes leurs \u00e9conomies dans des optiques d\u2019exception !<\/p>\n<p>Les optiques sont trait\u00e9es anti-reflets multicouches pour maximiser la transmission de lumi\u00e8re. Le corps en aluminium\/magn\u00e9sium est robuste et \u00e9tanche aux projections d\u2019eau. Il est rempli \u00e0 l&rsquo;azote pour \u00e9viter la formation de bu\u00e9e interne.<br \/>\n\t\t<\/div>\t<\/div><\/div><br \/>\n<div class=\"stel-collapsible-wrapper\">\t<input id=\"stel-collapsible__uid__6\" class=\"stel-collapsible-toggle\" type=\"checkbox\">\t<label for=\"stel-collapsible__uid__6\" class=\"stel-collapsible-label-toggle\" tabindex=\"0\">Caract\u00e9ristiques techniques\t<\/label>\t<div class=\"stel-collapsible-content\">\t\t<div class=\"stel-collapsible-content-body\"><\/p>\n<table class=\"table table-striped\">\n<tbody>\n<tr>\n<td>Type<\/td>\n<td>Monoculaire \u00e0 prismes en toit (verre BAK4)<\/td>\n<\/tr>\n<tr>\n<td>Grossissement<\/td>\n<td>8X<\/td>\n<\/tr>\n<tr>\n<td>Diam\u00e8tre de l\u2019objectif<\/td>\n<td>42 mm<\/td>\n<\/tr>\n<tr>\n<td>Champ de vision r\u00e9el<\/td>\n<td>6,2\u00b0<\/td>\n<\/tr>\n<tr>\n<td>Champ de vision apparent<\/td>\n<td>50\u00b0<\/td>\n<\/tr>\n<tr>\n<td>Champ de vision \u00e0 1000 m<\/td>\n<td>108 m<\/td>\n<\/tr>\n<tr>\n<td>Pupille de sortie<\/td>\n<td>5,2 mm<\/td>\n<\/tr>\n<tr>\n<td>Distance min. de mise au point<\/td>\n<td>~5m<\/td>\n<\/tr>\n<tr>\n<td>Relief d\u2019\u0153il<\/td>\n<td>14 mm<\/td>\n<\/tr>\n<tr>\n<td>Poids<\/td>\n<td>290 g<\/td>\n<\/tr>\n<tr>\n<td>Dimensions (\u0153illeton repli\u00e9)<\/td>\n<td>16,2 cm x 5,1 cm x 5,1 cm<\/td>\n<\/tr>\n<tr>\n<td colspan=\"2\">Traitement antireflet multicouche, objectif &amp; oculaire<\/td>\n<\/tr>\n<tr>\n<td colspan=\"2\">Etanche aux projections d\u2019eau (*)<\/td>\n<\/tr>\n<\/tbody>\n<\/table>\n<p><small>(*) Permet l&rsquo;utilisation en conditions humides (pluie, sports aquatiques&#8230;). Cependant, ne pas plonger dans l&rsquo;eau ni maintenir sous de l&rsquo;eau courante.<\/small><br \/>\n\t\t<\/div>\t<\/div><\/div><\/p>\n","protected":false},"excerpt":{"rendered":"<p>Fonctionne comme des jumelles, en plus compact et encore plus simple. Emmenez-le partout pour des promenades dans le ciel ou dans la nature ! \u00c0 utiliser avec notre guide d&rsquo;observation gratuit \u00e0 t\u00e9l\u00e9charger ou avec le livre Le Ciel aux jumelles (plus complet).<\/p>\n","protected":false},"featured_media":1785,"template":"","meta":{"_acf_changed":false},"product_brand":[],"product_cat":[331],"product_tag":[],"class_list":{"0":"post-1462","1":"product","2":"type-product","3":"status-publish","4":"has-post-thumbnail","6":"product_cat-jumelles","7":"product_shipping_class-easyscope-oculaires-accessoires","9":"first","10":"instock","11":"taxable","12":"shipping-taxable","13":"purchasable","14":"product-type-simple"},"acf":[],"yoast_head":"<!-- This site is optimized with the Yoast SEO plugin v27.1.1 - https:\/\/yoast.com\/product\/yoast-seo-wordpress\/ -->\n<title>Monoculaire easyScope 8x42 : Stelvision<\/title>\n<meta name=\"description\" content=\"Pour plonger dans les \u00e9toiles en un instant, sans installation ni r\u00e9glage compliqu\u00e9 : l&#039;easyScope fonctionne comme des jumelles, en plus compact et plus simple.\" \/>\n<meta name=\"robots\" content=\"index, follow, max-snippet:-1, max-image-preview:large, max-video-preview:-1\" \/>\n<link rel=\"canonical\" href=\"https:\/\/www.stelvision.com\/astro\/boutique\/easyscope\/\" \/>\n<meta property=\"og:locale\" content=\"fr_FR\" \/>\n<meta property=\"og:type\" content=\"article\" \/>\n<meta property=\"og:title\" content=\"Monoculaire easyScope 8x42 : Stelvision\" \/>\n<meta property=\"og:description\" content=\"Pour plonger dans les \u00e9toiles en un instant, sans installation ni r\u00e9glage compliqu\u00e9 : l&#039;easyScope fonctionne comme des jumelles, en plus compact et plus simple.\" \/>\n<meta property=\"og:url\" content=\"https:\/\/www.stelvision.com\/astro\/boutique\/easyscope\/\" \/>\n<meta property=\"og:site_name\" content=\"Stelvision\" \/>\n<meta property=\"article:publisher\" content=\"https:\/\/www.facebook.com\/people\/Stelvision\/100063368192331\/\" \/>\n<meta property=\"article:modified_time\" content=\"2026-03-31T00:39:08+00:00\" \/>\n<meta property=\"og:image\" content=\"https:\/\/www.stelvision.com\/astro\/wp-content\/uploads\/2018\/06\/P1277931.jpg\" \/>\n\t<meta property=\"og:image:width\" content=\"1024\" \/>\n\t<meta property=\"og:image:height\" content=\"1024\" \/>\n\t<meta property=\"og:image:type\" content=\"image\/jpeg\" \/>\n<meta name=\"twitter:card\" content=\"summary_large_image\" \/>\n<meta name=\"twitter:label1\" content=\"Dur\u00e9e de lecture estim\u00e9e\" \/>\n\t<meta name=\"twitter:data1\" content=\"6 minutes\" \/>\n<script type=\"application\/ld+json\" class=\"yoast-schema-graph\">{\"@context\":\"https:\/\/schema.org\",\"@graph\":[{\"@type\":\"WebPage\",\"@id\":\"https:\/\/www.stelvision.com\/astro\/boutique\/easyscope\/\",\"url\":\"https:\/\/www.stelvision.com\/astro\/boutique\/easyscope\/\",\"name\":\"Monoculaire easyScope 8x42 : Stelvision\",\"isPartOf\":{\"@id\":\"https:\/\/www.stelvision.com\/astro\/#website\"},\"primaryImageOfPage\":{\"@id\":\"https:\/\/www.stelvision.com\/astro\/boutique\/easyscope\/#primaryimage\"},\"image\":{\"@id\":\"https:\/\/www.stelvision.com\/astro\/boutique\/easyscope\/#primaryimage\"},\"thumbnailUrl\":\"https:\/\/www.stelvision.com\/astro\/wp-content\/uploads\/2018\/06\/P1277931.jpg\",\"datePublished\":\"2018-06-22T12:39:32+00:00\",\"dateModified\":\"2026-03-31T00:39:08+00:00\",\"description\":\"Pour plonger dans les \u00e9toiles en un instant, sans installation ni r\u00e9glage compliqu\u00e9 : l'easyScope fonctionne comme des jumelles, en plus compact et plus simple.\",\"breadcrumb\":{\"@id\":\"https:\/\/www.stelvision.com\/astro\/boutique\/easyscope\/#breadcrumb\"},\"inLanguage\":\"fr-FR\",\"potentialAction\":[{\"@type\":\"ReadAction\",\"target\":[\"https:\/\/www.stelvision.com\/astro\/boutique\/easyscope\/\"]}]},{\"@type\":\"ImageObject\",\"inLanguage\":\"fr-FR\",\"@id\":\"https:\/\/www.stelvision.com\/astro\/boutique\/easyscope\/#primaryimage\",\"url\":\"https:\/\/www.stelvision.com\/astro\/wp-content\/uploads\/2018\/06\/P1277931.jpg\",\"contentUrl\":\"https:\/\/www.stelvision.com\/astro\/wp-content\/uploads\/2018\/06\/P1277931.jpg\",\"width\":1024,\"height\":1024,\"caption\":\"photo easyScope\"},{\"@type\":\"BreadcrumbList\",\"@id\":\"https:\/\/www.stelvision.com\/astro\/boutique\/easyscope\/#breadcrumb\",\"itemListElement\":[{\"@type\":\"ListItem\",\"position\":1,\"name\":\"Accueil\",\"item\":\"https:\/\/www.stelvision.com\/astro\/\"},{\"@type\":\"ListItem\",\"position\":2,\"name\":\"La Boutique Stelvision\",\"item\":\"https:\/\/www.stelvision.com\/astro\/boutique\/\"},{\"@type\":\"ListItem\",\"position\":3,\"name\":\"Monoculaire easyScope 8&#215;42\"}]},{\"@type\":\"WebSite\",\"@id\":\"https:\/\/www.stelvision.com\/astro\/#website\",\"url\":\"https:\/\/www.stelvision.com\/astro\/\",\"name\":\"Stelvision\",\"description\":\"conseils, livres et mat\u00e9riel d&#039;observation du ciel\",\"publisher\":{\"@id\":\"https:\/\/www.stelvision.com\/astro\/#organization\"},\"potentialAction\":[{\"@type\":\"SearchAction\",\"target\":{\"@type\":\"EntryPoint\",\"urlTemplate\":\"https:\/\/www.stelvision.com\/astro\/?s={search_term_string}\"},\"query-input\":{\"@type\":\"PropertyValueSpecification\",\"valueRequired\":true,\"valueName\":\"search_term_string\"}}],\"inLanguage\":\"fr-FR\"},{\"@type\":\"Organization\",\"@id\":\"https:\/\/www.stelvision.com\/astro\/#organization\",\"name\":\"Stelvision\",\"url\":\"https:\/\/www.stelvision.com\/astro\/\",\"logo\":{\"@type\":\"ImageObject\",\"inLanguage\":\"fr-FR\",\"@id\":\"https:\/\/www.stelvision.com\/astro\/#\/schema\/logo\/image\/\",\"url\":\"https:\/\/www.stelvision.com\/astro\/wp-content\/uploads\/2019\/03\/logo_lisse_bleu_Stelvision_600.png\",\"contentUrl\":\"https:\/\/www.stelvision.com\/astro\/wp-content\/uploads\/2019\/03\/logo_lisse_bleu_Stelvision_600.png\",\"width\":600,\"height\":277,\"caption\":\"Stelvision\"},\"image\":{\"@id\":\"https:\/\/www.stelvision.com\/astro\/#\/schema\/logo\/image\/\"},\"sameAs\":[\"https:\/\/www.facebook.com\/people\/Stelvision\/100063368192331\/\"]}]}<\/script>\n<!-- \/ Yoast SEO plugin. -->","yoast_head_json":{"title":"Monoculaire easyScope 8x42 : Stelvision","description":"Pour plonger dans les \u00e9toiles en un instant, sans installation ni r\u00e9glage compliqu\u00e9 : l'easyScope fonctionne comme des jumelles, en plus compact et plus simple.","robots":{"index":"index","follow":"follow","max-snippet":"max-snippet:-1","max-image-preview":"max-image-preview:large","max-video-preview":"max-video-preview:-1"},"canonical":"https:\/\/www.stelvision.com\/astro\/boutique\/easyscope\/","og_locale":"fr_FR","og_type":"article","og_title":"Monoculaire easyScope 8x42 : Stelvision","og_description":"Pour plonger dans les \u00e9toiles en un instant, sans installation ni r\u00e9glage compliqu\u00e9 : l'easyScope fonctionne comme des jumelles, en plus compact et plus simple.","og_url":"https:\/\/www.stelvision.com\/astro\/boutique\/easyscope\/","og_site_name":"Stelvision","article_publisher":"https:\/\/www.facebook.com\/people\/Stelvision\/100063368192331\/","article_modified_time":"2026-03-31T00:39:08+00:00","og_image":[{"width":1024,"height":1024,"url":"https:\/\/www.stelvision.com\/astro\/wp-content\/uploads\/2018\/06\/P1277931.jpg","type":"image\/jpeg"}],"twitter_card":"summary_large_image","twitter_misc":{"Dur\u00e9e de lecture estim\u00e9e":"6 minutes"},"schema":{"@context":"https:\/\/schema.org","@graph":[{"@type":"WebPage","@id":"https:\/\/www.stelvision.com\/astro\/boutique\/easyscope\/","url":"https:\/\/www.stelvision.com\/astro\/boutique\/easyscope\/","name":"Monoculaire easyScope 8x42 : Stelvision","isPartOf":{"@id":"https:\/\/www.stelvision.com\/astro\/#website"},"primaryImageOfPage":{"@id":"https:\/\/www.stelvision.com\/astro\/boutique\/easyscope\/#primaryimage"},"image":{"@id":"https:\/\/www.stelvision.com\/astro\/boutique\/easyscope\/#primaryimage"},"thumbnailUrl":"https:\/\/www.stelvision.com\/astro\/wp-content\/uploads\/2018\/06\/P1277931.jpg","datePublished":"2018-06-22T12:39:32+00:00","dateModified":"2026-03-31T00:39:08+00:00","description":"Pour plonger dans les \u00e9toiles en un instant, sans installation ni r\u00e9glage compliqu\u00e9 : l'easyScope fonctionne comme des jumelles, en plus compact et plus simple.","breadcrumb":{"@id":"https:\/\/www.stelvision.com\/astro\/boutique\/easyscope\/#breadcrumb"},"inLanguage":"fr-FR","potentialAction":[{"@type":"ReadAction","target":["https:\/\/www.stelvision.com\/astro\/boutique\/easyscope\/"]}]},{"@type":"ImageObject","inLanguage":"fr-FR","@id":"https:\/\/www.stelvision.com\/astro\/boutique\/easyscope\/#primaryimage","url":"https:\/\/www.stelvision.com\/astro\/wp-content\/uploads\/2018\/06\/P1277931.jpg","contentUrl":"https:\/\/www.stelvision.com\/astro\/wp-content\/uploads\/2018\/06\/P1277931.jpg","width":1024,"height":1024,"caption":"photo easyScope"},{"@type":"BreadcrumbList","@id":"https:\/\/www.stelvision.com\/astro\/boutique\/easyscope\/#breadcrumb","itemListElement":[{"@type":"ListItem","position":1,"name":"Accueil","item":"https:\/\/www.stelvision.com\/astro\/"},{"@type":"ListItem","position":2,"name":"La Boutique Stelvision","item":"https:\/\/www.stelvision.com\/astro\/boutique\/"},{"@type":"ListItem","position":3,"name":"Monoculaire easyScope 8&#215;42"}]},{"@type":"WebSite","@id":"https:\/\/www.stelvision.com\/astro\/#website","url":"https:\/\/www.stelvision.com\/astro\/","name":"Stelvision","description":"conseils, livres et mat\u00e9riel d&#039;observation du ciel","publisher":{"@id":"https:\/\/www.stelvision.com\/astro\/#organization"},"potentialAction":[{"@type":"SearchAction","target":{"@type":"EntryPoint","urlTemplate":"https:\/\/www.stelvision.com\/astro\/?s={search_term_string}"},"query-input":{"@type":"PropertyValueSpecification","valueRequired":true,"valueName":"search_term_string"}}],"inLanguage":"fr-FR"},{"@type":"Organization","@id":"https:\/\/www.stelvision.com\/astro\/#organization","name":"Stelvision","url":"https:\/\/www.stelvision.com\/astro\/","logo":{"@type":"ImageObject","inLanguage":"fr-FR","@id":"https:\/\/www.stelvision.com\/astro\/#\/schema\/logo\/image\/","url":"https:\/\/www.stelvision.com\/astro\/wp-content\/uploads\/2019\/03\/logo_lisse_bleu_Stelvision_600.png","contentUrl":"https:\/\/www.stelvision.com\/astro\/wp-content\/uploads\/2019\/03\/logo_lisse_bleu_Stelvision_600.png","width":600,"height":277,"caption":"Stelvision"},"image":{"@id":"https:\/\/www.stelvision.com\/astro\/#\/schema\/logo\/image\/"},"sameAs":["https:\/\/www.facebook.com\/people\/Stelvision\/100063368192331\/"]}]}},"_links":{"self":[{"href":"https:\/\/www.stelvision.com\/astro\/wp-json\/wp\/v2\/product\/1462","targetHints":{"allow":["GET"]}}],"collection":[{"href":"https:\/\/www.stelvision.com\/astro\/wp-json\/wp\/v2\/product"}],"about":[{"href":"https:\/\/www.stelvision.com\/astro\/wp-json\/wp\/v2\/types\/product"}],"wp:featuredmedia":[{"embeddable":true,"href":"https:\/\/www.stelvision.com\/astro\/wp-json\/wp\/v2\/media\/1785"}],"wp:attachment":[{"href":"https:\/\/www.stelvision.com\/astro\/wp-json\/wp\/v2\/media?parent=1462"}],"wp:term":[{"taxonomy":"product_brand","embeddable":true,"href":"https:\/\/www.stelvision.com\/astro\/wp-json\/wp\/v2\/product_brand?post=1462"},{"taxonomy":"product_cat","embeddable":true,"href":"https:\/\/www.stelvision.com\/astro\/wp-json\/wp\/v2\/product_cat?post=1462"},{"taxonomy":"product_tag","embeddable":true,"href":"https:\/\/www.stelvision.com\/astro\/wp-json\/wp\/v2\/product_tag?post=1462"}],"curies":[{"name":"wp","href":"https:\/\/api.w.org\/{rel}","templated":true}]}}