{"id":3349,"date":"2019-03-26T19:08:43","date_gmt":"2019-03-26T18:08:43","guid":{"rendered":"https:\/\/www.stelvision.com\/astro\/?post_type=product&#038;p=3349"},"modified":"2024-04-30T17:10:10","modified_gmt":"2024-04-30T15:10:10","slug":"pack-carte-du-ciel-lampe","status":"publish","type":"product","link":"https:\/\/www.stelvision.com\/astro\/boutique\/pack-carte-du-ciel-lampe\/","title":{"rendered":"Pack Carte du ciel + lampe"},"content":{"rendered":"<p>Votre carte du ciel <a href=\"https:\/\/www.stelvision.com\/astro\/boutique\/carte-guide-du-ciel-stelvision-365\/\">Stelvision 365<\/a> livr\u00e9e avec une <a href=\"https:\/\/www.stelvision.com\/astro\/boutique\/lampe-extra-plate-stelflash-a-eclairage-rouge\/\">lampe StelFlash<\/a> anti-\u00e9blouissement. Glissez cette lampe extra-plate dans la pochette de protection de votre carte, elle sera ainsi toujours pr\u00eate pour vos explorations du ciel. Le tout \u00e0 un prix optimis\u00e9 !<\/p>\n","protected":false},"excerpt":{"rendered":"<p>Votre carte Stelvision 365 livr\u00e9e avec une lampe anti-\u00e9blouissement StelFlash.<\/p>\n","protected":false},"featured_media":1771,"template":"","meta":{"_acf_changed":false},"product_brand":[],"product_cat":[126],"product_tag":[],"class_list":{"0":"post-3349","1":"product","2":"type-product","3":"status-publish","4":"has-post-thumbnail","6":"product_cat-edition","7":"product_shipping_class-carte","9":"first","10":"outofstock","11":"sale","12":"taxable","13":"shipping-taxable","14":"purchasable","15":"product-type-simple"},"acf":[],"yoast_head":"<!-- This site is optimized with the Yoast SEO plugin v27.1.1 - https:\/\/yoast.com\/product\/yoast-seo-wordpress\/ -->\n<title>Pack Carte du ciel + lampe : Stelvision<\/title>\n<meta name=\"description\" content=\"La carte Stelvision 365 livr\u00e9e avec une lampe anti-\u00e9blouissement StelFlash ins\u00e9r\u00e9e dans la pochette de protection. Toujours pr\u00eate \u00e0 servir, \u00e0 un prix optimis\u00e9 !\" \/>\n<meta name=\"robots\" content=\"index, follow, max-snippet:-1, max-image-preview:large, max-video-preview:-1\" \/>\n<link rel=\"canonical\" href=\"https:\/\/www.stelvision.com\/astro\/boutique\/pack-carte-du-ciel-lampe\/\" \/>\n<meta property=\"og:locale\" content=\"fr_FR\" \/>\n<meta property=\"og:type\" content=\"article\" \/>\n<meta property=\"og:title\" content=\"Pack Carte du ciel + lampe : Stelvision\" \/>\n<meta property=\"og:description\" content=\"La carte Stelvision 365 livr\u00e9e avec une lampe anti-\u00e9blouissement StelFlash ins\u00e9r\u00e9e dans la pochette de protection. Toujours pr\u00eate \u00e0 servir, \u00e0 un prix optimis\u00e9 !\" \/>\n<meta property=\"og:url\" content=\"https:\/\/www.stelvision.com\/astro\/boutique\/pack-carte-du-ciel-lampe\/\" \/>\n<meta property=\"og:site_name\" content=\"Stelvision\" \/>\n<meta property=\"article:publisher\" content=\"https:\/\/www.facebook.com\/people\/Stelvision\/100063368192331\/\" \/>\n<meta property=\"article:modified_time\" content=\"2024-04-30T15:10:10+00:00\" \/>\n<meta property=\"og:image\" content=\"https:\/\/www.stelvision.com\/astro\/wp-content\/uploads\/2018\/06\/Illustration_carte2017_couv-lampe_fond-blanc_hd_170321.jpg\" \/>\n\t<meta property=\"og:image:width\" content=\"840\" \/>\n\t<meta property=\"og:image:height\" content=\"1024\" \/>\n\t<meta property=\"og:image:type\" content=\"image\/jpeg\" \/>\n<meta name=\"twitter:card\" content=\"summary_large_image\" \/>\n<meta name=\"twitter:label1\" content=\"Dur\u00e9e de lecture estim\u00e9e\" \/>\n\t<meta name=\"twitter:data1\" content=\"1 minute\" \/>\n<script type=\"application\/ld+json\" class=\"yoast-schema-graph\">{\"@context\":\"https:\/\/schema.org\",\"@graph\":[{\"@type\":\"WebPage\",\"@id\":\"https:\/\/www.stelvision.com\/astro\/boutique\/pack-carte-du-ciel-lampe\/\",\"url\":\"https:\/\/www.stelvision.com\/astro\/boutique\/pack-carte-du-ciel-lampe\/\",\"name\":\"Pack Carte du ciel + lampe : Stelvision\",\"isPartOf\":{\"@id\":\"https:\/\/www.stelvision.com\/astro\/#website\"},\"primaryImageOfPage\":{\"@id\":\"https:\/\/www.stelvision.com\/astro\/boutique\/pack-carte-du-ciel-lampe\/#primaryimage\"},\"image\":{\"@id\":\"https:\/\/www.stelvision.com\/astro\/boutique\/pack-carte-du-ciel-lampe\/#primaryimage\"},\"thumbnailUrl\":\"https:\/\/www.stelvision.com\/astro\/wp-content\/uploads\/2018\/06\/Illustration_carte2017_couv-lampe_fond-blanc_hd_170321.jpg\",\"datePublished\":\"2019-03-26T18:08:43+00:00\",\"dateModified\":\"2024-04-30T15:10:10+00:00\",\"description\":\"La carte Stelvision 365 livr\u00e9e avec une lampe anti-\u00e9blouissement StelFlash ins\u00e9r\u00e9e dans la pochette de protection. Toujours pr\u00eate \u00e0 servir, \u00e0 un prix optimis\u00e9 !\",\"breadcrumb\":{\"@id\":\"https:\/\/www.stelvision.com\/astro\/boutique\/pack-carte-du-ciel-lampe\/#breadcrumb\"},\"inLanguage\":\"fr-FR\",\"potentialAction\":[{\"@type\":\"ReadAction\",\"target\":[\"https:\/\/www.stelvision.com\/astro\/boutique\/pack-carte-du-ciel-lampe\/\"]}]},{\"@type\":\"ImageObject\",\"inLanguage\":\"fr-FR\",\"@id\":\"https:\/\/www.stelvision.com\/astro\/boutique\/pack-carte-du-ciel-lampe\/#primaryimage\",\"url\":\"https:\/\/www.stelvision.com\/astro\/wp-content\/uploads\/2018\/06\/Illustration_carte2017_couv-lampe_fond-blanc_hd_170321.jpg\",\"contentUrl\":\"https:\/\/www.stelvision.com\/astro\/wp-content\/uploads\/2018\/06\/Illustration_carte2017_couv-lampe_fond-blanc_hd_170321.jpg\",\"width\":840,\"height\":1024,\"caption\":\"photo carte du ciel Stelvision 365 et StelFlash\"},{\"@type\":\"BreadcrumbList\",\"@id\":\"https:\/\/www.stelvision.com\/astro\/boutique\/pack-carte-du-ciel-lampe\/#breadcrumb\",\"itemListElement\":[{\"@type\":\"ListItem\",\"position\":1,\"name\":\"Accueil\",\"item\":\"https:\/\/www.stelvision.com\/astro\/\"},{\"@type\":\"ListItem\",\"position\":2,\"name\":\"La Boutique Stelvision\",\"item\":\"https:\/\/www.stelvision.com\/astro\/boutique\/\"},{\"@type\":\"ListItem\",\"position\":3,\"name\":\"Pack Carte du ciel + lampe\"}]},{\"@type\":\"WebSite\",\"@id\":\"https:\/\/www.stelvision.com\/astro\/#website\",\"url\":\"https:\/\/www.stelvision.com\/astro\/\",\"name\":\"Stelvision\",\"description\":\"conseils, livres et mat\u00e9riel d&#039;observation du ciel\",\"publisher\":{\"@id\":\"https:\/\/www.stelvision.com\/astro\/#organization\"},\"potentialAction\":[{\"@type\":\"SearchAction\",\"target\":{\"@type\":\"EntryPoint\",\"urlTemplate\":\"https:\/\/www.stelvision.com\/astro\/?s={search_term_string}\"},\"query-input\":{\"@type\":\"PropertyValueSpecification\",\"valueRequired\":true,\"valueName\":\"search_term_string\"}}],\"inLanguage\":\"fr-FR\"},{\"@type\":\"Organization\",\"@id\":\"https:\/\/www.stelvision.com\/astro\/#organization\",\"name\":\"Stelvision\",\"url\":\"https:\/\/www.stelvision.com\/astro\/\",\"logo\":{\"@type\":\"ImageObject\",\"inLanguage\":\"fr-FR\",\"@id\":\"https:\/\/www.stelvision.com\/astro\/#\/schema\/logo\/image\/\",\"url\":\"https:\/\/www.stelvision.com\/astro\/wp-content\/uploads\/2019\/03\/logo_lisse_bleu_Stelvision_600.png\",\"contentUrl\":\"https:\/\/www.stelvision.com\/astro\/wp-content\/uploads\/2019\/03\/logo_lisse_bleu_Stelvision_600.png\",\"width\":600,\"height\":277,\"caption\":\"Stelvision\"},\"image\":{\"@id\":\"https:\/\/www.stelvision.com\/astro\/#\/schema\/logo\/image\/\"},\"sameAs\":[\"https:\/\/www.facebook.com\/people\/Stelvision\/100063368192331\/\"]}]}<\/script>\n<!-- \/ Yoast SEO plugin. -->","yoast_head_json":{"title":"Pack Carte du ciel + lampe : Stelvision","description":"La carte Stelvision 365 livr\u00e9e avec une lampe anti-\u00e9blouissement StelFlash ins\u00e9r\u00e9e dans la pochette de protection. Toujours pr\u00eate \u00e0 servir, \u00e0 un prix optimis\u00e9 !","robots":{"index":"index","follow":"follow","max-snippet":"max-snippet:-1","max-image-preview":"max-image-preview:large","max-video-preview":"max-video-preview:-1"},"canonical":"https:\/\/www.stelvision.com\/astro\/boutique\/pack-carte-du-ciel-lampe\/","og_locale":"fr_FR","og_type":"article","og_title":"Pack Carte du ciel + lampe : Stelvision","og_description":"La carte Stelvision 365 livr\u00e9e avec une lampe anti-\u00e9blouissement StelFlash ins\u00e9r\u00e9e dans la pochette de protection. Toujours pr\u00eate \u00e0 servir, \u00e0 un prix optimis\u00e9 !","og_url":"https:\/\/www.stelvision.com\/astro\/boutique\/pack-carte-du-ciel-lampe\/","og_site_name":"Stelvision","article_publisher":"https:\/\/www.facebook.com\/people\/Stelvision\/100063368192331\/","article_modified_time":"2024-04-30T15:10:10+00:00","og_image":[{"width":840,"height":1024,"url":"https:\/\/www.stelvision.com\/astro\/wp-content\/uploads\/2018\/06\/Illustration_carte2017_couv-lampe_fond-blanc_hd_170321.jpg","type":"image\/jpeg"}],"twitter_card":"summary_large_image","twitter_misc":{"Dur\u00e9e de lecture estim\u00e9e":"1 minute"},"schema":{"@context":"https:\/\/schema.org","@graph":[{"@type":"WebPage","@id":"https:\/\/www.stelvision.com\/astro\/boutique\/pack-carte-du-ciel-lampe\/","url":"https:\/\/www.stelvision.com\/astro\/boutique\/pack-carte-du-ciel-lampe\/","name":"Pack Carte du ciel + lampe : Stelvision","isPartOf":{"@id":"https:\/\/www.stelvision.com\/astro\/#website"},"primaryImageOfPage":{"@id":"https:\/\/www.stelvision.com\/astro\/boutique\/pack-carte-du-ciel-lampe\/#primaryimage"},"image":{"@id":"https:\/\/www.stelvision.com\/astro\/boutique\/pack-carte-du-ciel-lampe\/#primaryimage"},"thumbnailUrl":"https:\/\/www.stelvision.com\/astro\/wp-content\/uploads\/2018\/06\/Illustration_carte2017_couv-lampe_fond-blanc_hd_170321.jpg","datePublished":"2019-03-26T18:08:43+00:00","dateModified":"2024-04-30T15:10:10+00:00","description":"La carte Stelvision 365 livr\u00e9e avec une lampe anti-\u00e9blouissement StelFlash ins\u00e9r\u00e9e dans la pochette de protection. Toujours pr\u00eate \u00e0 servir, \u00e0 un prix optimis\u00e9 !","breadcrumb":{"@id":"https:\/\/www.stelvision.com\/astro\/boutique\/pack-carte-du-ciel-lampe\/#breadcrumb"},"inLanguage":"fr-FR","potentialAction":[{"@type":"ReadAction","target":["https:\/\/www.stelvision.com\/astro\/boutique\/pack-carte-du-ciel-lampe\/"]}]},{"@type":"ImageObject","inLanguage":"fr-FR","@id":"https:\/\/www.stelvision.com\/astro\/boutique\/pack-carte-du-ciel-lampe\/#primaryimage","url":"https:\/\/www.stelvision.com\/astro\/wp-content\/uploads\/2018\/06\/Illustration_carte2017_couv-lampe_fond-blanc_hd_170321.jpg","contentUrl":"https:\/\/www.stelvision.com\/astro\/wp-content\/uploads\/2018\/06\/Illustration_carte2017_couv-lampe_fond-blanc_hd_170321.jpg","width":840,"height":1024,"caption":"photo carte du ciel Stelvision 365 et StelFlash"},{"@type":"BreadcrumbList","@id":"https:\/\/www.stelvision.com\/astro\/boutique\/pack-carte-du-ciel-lampe\/#breadcrumb","itemListElement":[{"@type":"ListItem","position":1,"name":"Accueil","item":"https:\/\/www.stelvision.com\/astro\/"},{"@type":"ListItem","position":2,"name":"La Boutique Stelvision","item":"https:\/\/www.stelvision.com\/astro\/boutique\/"},{"@type":"ListItem","position":3,"name":"Pack Carte du ciel + lampe"}]},{"@type":"WebSite","@id":"https:\/\/www.stelvision.com\/astro\/#website","url":"https:\/\/www.stelvision.com\/astro\/","name":"Stelvision","description":"conseils, livres et mat\u00e9riel d&#039;observation du ciel","publisher":{"@id":"https:\/\/www.stelvision.com\/astro\/#organization"},"potentialAction":[{"@type":"SearchAction","target":{"@type":"EntryPoint","urlTemplate":"https:\/\/www.stelvision.com\/astro\/?s={search_term_string}"},"query-input":{"@type":"PropertyValueSpecification","valueRequired":true,"valueName":"search_term_string"}}],"inLanguage":"fr-FR"},{"@type":"Organization","@id":"https:\/\/www.stelvision.com\/astro\/#organization","name":"Stelvision","url":"https:\/\/www.stelvision.com\/astro\/","logo":{"@type":"ImageObject","inLanguage":"fr-FR","@id":"https:\/\/www.stelvision.com\/astro\/#\/schema\/logo\/image\/","url":"https:\/\/www.stelvision.com\/astro\/wp-content\/uploads\/2019\/03\/logo_lisse_bleu_Stelvision_600.png","contentUrl":"https:\/\/www.stelvision.com\/astro\/wp-content\/uploads\/2019\/03\/logo_lisse_bleu_Stelvision_600.png","width":600,"height":277,"caption":"Stelvision"},"image":{"@id":"https:\/\/www.stelvision.com\/astro\/#\/schema\/logo\/image\/"},"sameAs":["https:\/\/www.facebook.com\/people\/Stelvision\/100063368192331\/"]}]}},"_links":{"self":[{"href":"https:\/\/www.stelvision.com\/astro\/wp-json\/wp\/v2\/product\/3349","targetHints":{"allow":["GET"]}}],"collection":[{"href":"https:\/\/www.stelvision.com\/astro\/wp-json\/wp\/v2\/product"}],"about":[{"href":"https:\/\/www.stelvision.com\/astro\/wp-json\/wp\/v2\/types\/product"}],"wp:featuredmedia":[{"embeddable":true,"href":"https:\/\/www.stelvision.com\/astro\/wp-json\/wp\/v2\/media\/1771"}],"wp:attachment":[{"href":"https:\/\/www.stelvision.com\/astro\/wp-json\/wp\/v2\/media?parent=3349"}],"wp:term":[{"taxonomy":"product_brand","embeddable":true,"href":"https:\/\/www.stelvision.com\/astro\/wp-json\/wp\/v2\/product_brand?post=3349"},{"taxonomy":"product_cat","embeddable":true,"href":"https:\/\/www.stelvision.com\/astro\/wp-json\/wp\/v2\/product_cat?post=3349"},{"taxonomy":"product_tag","embeddable":true,"href":"https:\/\/www.stelvision.com\/astro\/wp-json\/wp\/v2\/product_tag?post=3349"}],"curies":[{"name":"wp","href":"https:\/\/api.w.org\/{rel}","templated":true}]}}