{"id":3517,"date":"2019-04-05T16:41:34","date_gmt":"2019-04-05T14:41:34","guid":{"rendered":"https:\/\/www.stelvision.com\/astro\/?post_type=product&#038;p=3517"},"modified":"2026-04-10T16:25:50","modified_gmt":"2026-04-10T14:25:50","slug":"pack-doculaires-grand-champ-uw-15-mm-uw-6-mm-et-barlow-2x","status":"publish","type":"product","link":"https:\/\/www.stelvision.com\/astro\/boutique\/pack-doculaires-grand-champ-uw-15-mm-uw-6-mm-et-barlow-2x\/","title":{"rendered":"Pack d&rsquo;oculaires grand champ UW 15 mm, UW 6 mm et Barlow 2x"},"content":{"rendered":"<p>Ce pack est <strong>id\u00e9al pour compl\u00e9ter votre t\u00e9lescope 130\/650 (<a href=\"https:\/\/www.stelvision.com\/astro\/boutique\/telescope-dobson-130-flextube-heritage\/\">Dobson 130 FlexTube Heritage<\/a>,\u00a0 STELESCOPE 130<\/strong> ou tout t\u00e9lescope similaire) car il contient tous les \u00e9l\u00e9ments utiles pour compl\u00e9ter la gamme des grossissements disponibles. De plus, les oculaires au coulant 31,75 mm que nous vous proposons offrent <strong>un large de champ de vision apparent (68\u00b0)<\/strong> tr\u00e8s appr\u00e9ciable pour la sensation d&rsquo;immersion qu&rsquo;il procure. Ce pack contient :<\/p>\n<ul>\n<li>Un <a href=\"https:\/\/www.stelvision.com\/astro\/boutique\/oculaire-uw-15-mm\/\">oculaire grand champ UW 15 mm<\/a> <strong>fournissant un grossissement moyen<\/strong>, tr\u00e8s agr\u00e9able pour les observations du ciel profond (n\u00e9buleuse d&rsquo;Orion M42, amas d&rsquo;Hercule M13, galaxie d&rsquo;Androm\u00e8de M31&#8230;).<\/li>\n<li>Un <a href=\"https:\/\/www.stelvision.com\/astro\/boutique\/oculaire-uw-6-mm\/\">oculaire grand champ UW 6 mm<\/a> <strong>fournissant un grossissement fort<\/strong>, parfait pour les plan\u00e8tes et pour la Lune en gros plan.<\/li>\n<li>Une <a href=\"https:\/\/www.stelvision.com\/astro\/boutique\/barlow-2x\/\">lentille de Barlow 2x<\/a> qui <strong>permet de doubler le grossissement obtenu avec n&rsquo;importe quel oculaire<\/strong>. Coupl\u00e9e \u00e0 l&rsquo;oculaire UW 6 mm, la lentille de Barlow vous permet d&rsquo;atteindre un grossissement tr\u00e8s fort pour scruter les plus petits d\u00e9tails sur la Lune et les plan\u00e8tes lorsque l&rsquo;atmosph\u00e8re est suffisamment stable (absence de turbulence atmosph\u00e9rique). Coupl\u00e9e \u00e0 l&rsquo;oculaire UW 15 mm , elle offre un grossissement interm\u00e9diaire qui peut \u00eatre appr\u00e9ciable notamment pour observer certains objets du ciel profond.<\/li>\n<\/ul>\n<p>Ce pack est propos\u00e9 \u00e0 un prix avantageux par rapport aux prix total des \u00e9l\u00e9ments achet\u00e9s s\u00e9par\u00e9ment (prix barr\u00e9).<\/p>\n","protected":false},"excerpt":{"rendered":"<div id=\"end-pack\">Avec deux oculaires et une lentille de Barlow, ce pack est parfait pour compl\u00e9ter votre STELESCOPE 130 ou tout instrument \u00e9quivalent. Le prix est avantageux par rapport aux prix des \u00e9l\u00e9ments achet\u00e9s s\u00e9par\u00e9ment (prix barr\u00e9).<\/div>\n","protected":false},"featured_media":3623,"template":"","meta":{"_acf_changed":false},"product_brand":[],"product_cat":[127],"product_tag":[],"class_list":{"0":"post-3517","1":"product","2":"type-product","3":"status-publish","4":"has-post-thumbnail","6":"product_cat-telescopes-lunettes","8":"first","9":"instock","10":"sale","11":"taxable","12":"shipping-taxable","13":"purchasable","14":"product-type-simple"},"acf":[],"yoast_head":"<!-- This site is optimized with the Yoast SEO plugin v27.1.1 - https:\/\/yoast.com\/product\/yoast-seo-wordpress\/ -->\n<title>Pack d&#039;oculaires grand champ UW 15 mm, UW 6 mm et Barlow 2x<\/title>\n<meta name=\"description\" content=\"Avec deux oculaires et une lentille de Barlow, ce pack compl\u00e8te votre STELESCOPE 130 avec tous les \u00e9l\u00e9ments utiles pour \u00e9largir la gamme des grossissements.\" \/>\n<meta name=\"robots\" content=\"index, follow, max-snippet:-1, max-image-preview:large, max-video-preview:-1\" \/>\n<link rel=\"canonical\" href=\"https:\/\/www.stelvision.com\/astro\/boutique\/pack-doculaires-grand-champ-uw-15-mm-uw-6-mm-et-barlow-2x\/\" \/>\n<meta property=\"og:locale\" content=\"fr_FR\" \/>\n<meta property=\"og:type\" content=\"article\" \/>\n<meta property=\"og:title\" content=\"Pack d&#039;oculaires grand champ UW 15 mm, UW 6 mm et Barlow 2x\" \/>\n<meta property=\"og:description\" content=\"Avec deux oculaires et une lentille de Barlow, ce pack compl\u00e8te votre STELESCOPE 130 avec tous les \u00e9l\u00e9ments utiles pour \u00e9largir la gamme des grossissements.\" \/>\n<meta property=\"og:url\" content=\"https:\/\/www.stelvision.com\/astro\/boutique\/pack-doculaires-grand-champ-uw-15-mm-uw-6-mm-et-barlow-2x\/\" \/>\n<meta property=\"og:site_name\" content=\"Stelvision\" \/>\n<meta property=\"article:publisher\" content=\"https:\/\/www.facebook.com\/people\/Stelvision\/100063368192331\/\" \/>\n<meta property=\"article:modified_time\" content=\"2026-04-10T14:25:50+00:00\" \/>\n<meta property=\"og:image\" content=\"https:\/\/www.stelvision.com\/astro\/wp-content\/uploads\/2019\/04\/oc_trio_fond_blanc_carre.jpg\" \/>\n\t<meta property=\"og:image:width\" content=\"1024\" \/>\n\t<meta property=\"og:image:height\" content=\"1024\" \/>\n\t<meta property=\"og:image:type\" content=\"image\/jpeg\" \/>\n<meta name=\"twitter:card\" content=\"summary_large_image\" \/>\n<meta name=\"twitter:label1\" content=\"Dur\u00e9e de lecture estim\u00e9e\" \/>\n\t<meta name=\"twitter:data1\" content=\"2 minutes\" \/>\n<script type=\"application\/ld+json\" class=\"yoast-schema-graph\">{\"@context\":\"https:\/\/schema.org\",\"@graph\":[{\"@type\":\"WebPage\",\"@id\":\"https:\/\/www.stelvision.com\/astro\/boutique\/pack-doculaires-grand-champ-uw-15-mm-uw-6-mm-et-barlow-2x\/\",\"url\":\"https:\/\/www.stelvision.com\/astro\/boutique\/pack-doculaires-grand-champ-uw-15-mm-uw-6-mm-et-barlow-2x\/\",\"name\":\"Pack d'oculaires grand champ UW 15 mm, UW 6 mm et Barlow 2x\",\"isPartOf\":{\"@id\":\"https:\/\/www.stelvision.com\/astro\/#website\"},\"primaryImageOfPage\":{\"@id\":\"https:\/\/www.stelvision.com\/astro\/boutique\/pack-doculaires-grand-champ-uw-15-mm-uw-6-mm-et-barlow-2x\/#primaryimage\"},\"image\":{\"@id\":\"https:\/\/www.stelvision.com\/astro\/boutique\/pack-doculaires-grand-champ-uw-15-mm-uw-6-mm-et-barlow-2x\/#primaryimage\"},\"thumbnailUrl\":\"https:\/\/www.stelvision.com\/astro\/wp-content\/uploads\/2019\/04\/oc_trio_fond_blanc_carre.jpg\",\"datePublished\":\"2019-04-05T14:41:34+00:00\",\"dateModified\":\"2026-04-10T14:25:50+00:00\",\"description\":\"Avec deux oculaires et une lentille de Barlow, ce pack compl\u00e8te votre STELESCOPE 130 avec tous les \u00e9l\u00e9ments utiles pour \u00e9largir la gamme des grossissements.\",\"breadcrumb\":{\"@id\":\"https:\/\/www.stelvision.com\/astro\/boutique\/pack-doculaires-grand-champ-uw-15-mm-uw-6-mm-et-barlow-2x\/#breadcrumb\"},\"inLanguage\":\"fr-FR\",\"potentialAction\":[{\"@type\":\"ReadAction\",\"target\":[\"https:\/\/www.stelvision.com\/astro\/boutique\/pack-doculaires-grand-champ-uw-15-mm-uw-6-mm-et-barlow-2x\/\"]}]},{\"@type\":\"ImageObject\",\"inLanguage\":\"fr-FR\",\"@id\":\"https:\/\/www.stelvision.com\/astro\/boutique\/pack-doculaires-grand-champ-uw-15-mm-uw-6-mm-et-barlow-2x\/#primaryimage\",\"url\":\"https:\/\/www.stelvision.com\/astro\/wp-content\/uploads\/2019\/04\/oc_trio_fond_blanc_carre.jpg\",\"contentUrl\":\"https:\/\/www.stelvision.com\/astro\/wp-content\/uploads\/2019\/04\/oc_trio_fond_blanc_carre.jpg\",\"width\":1024,\"height\":1024},{\"@type\":\"BreadcrumbList\",\"@id\":\"https:\/\/www.stelvision.com\/astro\/boutique\/pack-doculaires-grand-champ-uw-15-mm-uw-6-mm-et-barlow-2x\/#breadcrumb\",\"itemListElement\":[{\"@type\":\"ListItem\",\"position\":1,\"name\":\"Accueil\",\"item\":\"https:\/\/www.stelvision.com\/astro\/\"},{\"@type\":\"ListItem\",\"position\":2,\"name\":\"La Boutique Stelvision\",\"item\":\"https:\/\/www.stelvision.com\/astro\/boutique\/\"},{\"@type\":\"ListItem\",\"position\":3,\"name\":\"Pack d&rsquo;oculaires grand champ UW 15 mm, UW 6 mm et Barlow 2x\"}]},{\"@type\":\"WebSite\",\"@id\":\"https:\/\/www.stelvision.com\/astro\/#website\",\"url\":\"https:\/\/www.stelvision.com\/astro\/\",\"name\":\"Stelvision\",\"description\":\"conseils, livres et mat\u00e9riel d&#039;observation du ciel\",\"publisher\":{\"@id\":\"https:\/\/www.stelvision.com\/astro\/#organization\"},\"potentialAction\":[{\"@type\":\"SearchAction\",\"target\":{\"@type\":\"EntryPoint\",\"urlTemplate\":\"https:\/\/www.stelvision.com\/astro\/?s={search_term_string}\"},\"query-input\":{\"@type\":\"PropertyValueSpecification\",\"valueRequired\":true,\"valueName\":\"search_term_string\"}}],\"inLanguage\":\"fr-FR\"},{\"@type\":\"Organization\",\"@id\":\"https:\/\/www.stelvision.com\/astro\/#organization\",\"name\":\"Stelvision\",\"url\":\"https:\/\/www.stelvision.com\/astro\/\",\"logo\":{\"@type\":\"ImageObject\",\"inLanguage\":\"fr-FR\",\"@id\":\"https:\/\/www.stelvision.com\/astro\/#\/schema\/logo\/image\/\",\"url\":\"https:\/\/www.stelvision.com\/astro\/wp-content\/uploads\/2019\/03\/logo_lisse_bleu_Stelvision_600.png\",\"contentUrl\":\"https:\/\/www.stelvision.com\/astro\/wp-content\/uploads\/2019\/03\/logo_lisse_bleu_Stelvision_600.png\",\"width\":600,\"height\":277,\"caption\":\"Stelvision\"},\"image\":{\"@id\":\"https:\/\/www.stelvision.com\/astro\/#\/schema\/logo\/image\/\"},\"sameAs\":[\"https:\/\/www.facebook.com\/people\/Stelvision\/100063368192331\/\"]}]}<\/script>\n<!-- \/ Yoast SEO plugin. -->","yoast_head_json":{"title":"Pack d'oculaires grand champ UW 15 mm, UW 6 mm et Barlow 2x","description":"Avec deux oculaires et une lentille de Barlow, ce pack compl\u00e8te votre STELESCOPE 130 avec tous les \u00e9l\u00e9ments utiles pour \u00e9largir la gamme des grossissements.","robots":{"index":"index","follow":"follow","max-snippet":"max-snippet:-1","max-image-preview":"max-image-preview:large","max-video-preview":"max-video-preview:-1"},"canonical":"https:\/\/www.stelvision.com\/astro\/boutique\/pack-doculaires-grand-champ-uw-15-mm-uw-6-mm-et-barlow-2x\/","og_locale":"fr_FR","og_type":"article","og_title":"Pack d'oculaires grand champ UW 15 mm, UW 6 mm et Barlow 2x","og_description":"Avec deux oculaires et une lentille de Barlow, ce pack compl\u00e8te votre STELESCOPE 130 avec tous les \u00e9l\u00e9ments utiles pour \u00e9largir la gamme des grossissements.","og_url":"https:\/\/www.stelvision.com\/astro\/boutique\/pack-doculaires-grand-champ-uw-15-mm-uw-6-mm-et-barlow-2x\/","og_site_name":"Stelvision","article_publisher":"https:\/\/www.facebook.com\/people\/Stelvision\/100063368192331\/","article_modified_time":"2026-04-10T14:25:50+00:00","og_image":[{"width":1024,"height":1024,"url":"https:\/\/www.stelvision.com\/astro\/wp-content\/uploads\/2019\/04\/oc_trio_fond_blanc_carre.jpg","type":"image\/jpeg"}],"twitter_card":"summary_large_image","twitter_misc":{"Dur\u00e9e de lecture estim\u00e9e":"2 minutes"},"schema":{"@context":"https:\/\/schema.org","@graph":[{"@type":"WebPage","@id":"https:\/\/www.stelvision.com\/astro\/boutique\/pack-doculaires-grand-champ-uw-15-mm-uw-6-mm-et-barlow-2x\/","url":"https:\/\/www.stelvision.com\/astro\/boutique\/pack-doculaires-grand-champ-uw-15-mm-uw-6-mm-et-barlow-2x\/","name":"Pack d'oculaires grand champ UW 15 mm, UW 6 mm et Barlow 2x","isPartOf":{"@id":"https:\/\/www.stelvision.com\/astro\/#website"},"primaryImageOfPage":{"@id":"https:\/\/www.stelvision.com\/astro\/boutique\/pack-doculaires-grand-champ-uw-15-mm-uw-6-mm-et-barlow-2x\/#primaryimage"},"image":{"@id":"https:\/\/www.stelvision.com\/astro\/boutique\/pack-doculaires-grand-champ-uw-15-mm-uw-6-mm-et-barlow-2x\/#primaryimage"},"thumbnailUrl":"https:\/\/www.stelvision.com\/astro\/wp-content\/uploads\/2019\/04\/oc_trio_fond_blanc_carre.jpg","datePublished":"2019-04-05T14:41:34+00:00","dateModified":"2026-04-10T14:25:50+00:00","description":"Avec deux oculaires et une lentille de Barlow, ce pack compl\u00e8te votre STELESCOPE 130 avec tous les \u00e9l\u00e9ments utiles pour \u00e9largir la gamme des grossissements.","breadcrumb":{"@id":"https:\/\/www.stelvision.com\/astro\/boutique\/pack-doculaires-grand-champ-uw-15-mm-uw-6-mm-et-barlow-2x\/#breadcrumb"},"inLanguage":"fr-FR","potentialAction":[{"@type":"ReadAction","target":["https:\/\/www.stelvision.com\/astro\/boutique\/pack-doculaires-grand-champ-uw-15-mm-uw-6-mm-et-barlow-2x\/"]}]},{"@type":"ImageObject","inLanguage":"fr-FR","@id":"https:\/\/www.stelvision.com\/astro\/boutique\/pack-doculaires-grand-champ-uw-15-mm-uw-6-mm-et-barlow-2x\/#primaryimage","url":"https:\/\/www.stelvision.com\/astro\/wp-content\/uploads\/2019\/04\/oc_trio_fond_blanc_carre.jpg","contentUrl":"https:\/\/www.stelvision.com\/astro\/wp-content\/uploads\/2019\/04\/oc_trio_fond_blanc_carre.jpg","width":1024,"height":1024},{"@type":"BreadcrumbList","@id":"https:\/\/www.stelvision.com\/astro\/boutique\/pack-doculaires-grand-champ-uw-15-mm-uw-6-mm-et-barlow-2x\/#breadcrumb","itemListElement":[{"@type":"ListItem","position":1,"name":"Accueil","item":"https:\/\/www.stelvision.com\/astro\/"},{"@type":"ListItem","position":2,"name":"La Boutique Stelvision","item":"https:\/\/www.stelvision.com\/astro\/boutique\/"},{"@type":"ListItem","position":3,"name":"Pack d&rsquo;oculaires grand champ UW 15 mm, UW 6 mm et Barlow 2x"}]},{"@type":"WebSite","@id":"https:\/\/www.stelvision.com\/astro\/#website","url":"https:\/\/www.stelvision.com\/astro\/","name":"Stelvision","description":"conseils, livres et mat\u00e9riel d&#039;observation du ciel","publisher":{"@id":"https:\/\/www.stelvision.com\/astro\/#organization"},"potentialAction":[{"@type":"SearchAction","target":{"@type":"EntryPoint","urlTemplate":"https:\/\/www.stelvision.com\/astro\/?s={search_term_string}"},"query-input":{"@type":"PropertyValueSpecification","valueRequired":true,"valueName":"search_term_string"}}],"inLanguage":"fr-FR"},{"@type":"Organization","@id":"https:\/\/www.stelvision.com\/astro\/#organization","name":"Stelvision","url":"https:\/\/www.stelvision.com\/astro\/","logo":{"@type":"ImageObject","inLanguage":"fr-FR","@id":"https:\/\/www.stelvision.com\/astro\/#\/schema\/logo\/image\/","url":"https:\/\/www.stelvision.com\/astro\/wp-content\/uploads\/2019\/03\/logo_lisse_bleu_Stelvision_600.png","contentUrl":"https:\/\/www.stelvision.com\/astro\/wp-content\/uploads\/2019\/03\/logo_lisse_bleu_Stelvision_600.png","width":600,"height":277,"caption":"Stelvision"},"image":{"@id":"https:\/\/www.stelvision.com\/astro\/#\/schema\/logo\/image\/"},"sameAs":["https:\/\/www.facebook.com\/people\/Stelvision\/100063368192331\/"]}]}},"_links":{"self":[{"href":"https:\/\/www.stelvision.com\/astro\/wp-json\/wp\/v2\/product\/3517","targetHints":{"allow":["GET"]}}],"collection":[{"href":"https:\/\/www.stelvision.com\/astro\/wp-json\/wp\/v2\/product"}],"about":[{"href":"https:\/\/www.stelvision.com\/astro\/wp-json\/wp\/v2\/types\/product"}],"wp:featuredmedia":[{"embeddable":true,"href":"https:\/\/www.stelvision.com\/astro\/wp-json\/wp\/v2\/media\/3623"}],"wp:attachment":[{"href":"https:\/\/www.stelvision.com\/astro\/wp-json\/wp\/v2\/media?parent=3517"}],"wp:term":[{"taxonomy":"product_brand","embeddable":true,"href":"https:\/\/www.stelvision.com\/astro\/wp-json\/wp\/v2\/product_brand?post=3517"},{"taxonomy":"product_cat","embeddable":true,"href":"https:\/\/www.stelvision.com\/astro\/wp-json\/wp\/v2\/product_cat?post=3517"},{"taxonomy":"product_tag","embeddable":true,"href":"https:\/\/www.stelvision.com\/astro\/wp-json\/wp\/v2\/product_tag?post=3517"}],"curies":[{"name":"wp","href":"https:\/\/api.w.org\/{rel}","templated":true}]}}