{"id":45332,"date":"2022-06-20T16:07:20","date_gmt":"2022-06-20T14:07:20","guid":{"rendered":"https:\/\/www.stelvision.com\/astro\/?post_type=product&#038;p=45332"},"modified":"2026-04-10T16:22:08","modified_gmt":"2026-04-10T14:22:08","slug":"adaptateur-photo-smartphone","status":"publish","type":"product","link":"https:\/\/www.stelvision.com\/astro\/boutique\/adaptateur-photo-smartphone\/","title":{"rendered":"Adaptateur photo smartphone pour t\u00e9lescopes et jumelles"},"content":{"rendered":"<p>Cet accessoire permet de r\u00e9aliser facilement des photos avec votre smartphone au travers d&rsquo;un t\u00e9lescope, d&rsquo;une lunette ou encore de jumelles.<\/p>\n<p>L\u00e9ger et peu encombrant, mais solide gr\u00e2ce \u00e0 son corps m\u00e9tallique, cet adaptateur offre une bonne rigidit\u00e9 permettant un positionnement pr\u00e9cis du t\u00e9l\u00e9phone face \u00e0 l&rsquo;oculaire. Le syst\u00e8me de r\u00e9glage de la position du t\u00e9l\u00e9phone est simple et efficace.<\/p>\n<p>Cet adaptateur est compatible avec les t\u00e9l\u00e9phones ayant une largeur de 55 \u00e0 90 mm. Il se raccorde sur tous les oculaires dont le diam\u00e8tre ext\u00e9rieur est compris entre 29 et 48 mm, ce qui le rend compatible avec tout le mat\u00e9riel d\u2019observation vendu par Stelvision et avec la plupart des autres instruments du commerce.<\/p>\n","protected":false},"excerpt":{"rendered":"<p>Un adaptateur simple et efficace pour faire des photos au smartphone au travers d&rsquo;un t\u00e9lescope, d&rsquo;une lunette ou encore de jumelles.<\/p>\n","protected":false},"featured_media":45336,"template":"","meta":{"_acf_changed":false},"product_brand":[],"product_cat":[331,127],"product_tag":[],"class_list":{"0":"post-45332","1":"product","2":"type-product","3":"status-publish","4":"has-post-thumbnail","6":"product_cat-jumelles","7":"product_cat-telescopes-lunettes","8":"product_shipping_class-easyscope-oculaires-accessoires","10":"first","11":"instock","12":"taxable","13":"shipping-taxable","14":"purchasable","15":"product-type-simple"},"acf":[],"yoast_head":"<!-- This site is optimized with the Yoast SEO plugin v27.1.1 - https:\/\/yoast.com\/product\/yoast-seo-wordpress\/ -->\n<title>Adaptateur photo smartphone pour t\u00e9lescopes et jumelles<\/title>\n<meta name=\"description\" content=\"Cet adaptateur permet de r\u00e9aliser facilement des photos avec votre smartphone au travers d&#039;une lunette astronomique, d&#039;un t\u00e9lescope ou encore de jumelles.\" \/>\n<meta name=\"robots\" content=\"index, follow, max-snippet:-1, max-image-preview:large, max-video-preview:-1\" \/>\n<link rel=\"canonical\" href=\"https:\/\/www.stelvision.com\/astro\/boutique\/adaptateur-photo-smartphone\/\" \/>\n<meta property=\"og:locale\" content=\"fr_FR\" \/>\n<meta property=\"og:type\" content=\"article\" \/>\n<meta property=\"og:title\" content=\"Adaptateur photo smartphone pour t\u00e9lescopes et jumelles\" \/>\n<meta property=\"og:description\" content=\"Cet adaptateur permet de r\u00e9aliser facilement des photos avec votre smartphone au travers d&#039;une lunette astronomique, d&#039;un t\u00e9lescope ou encore de jumelles.\" \/>\n<meta property=\"og:url\" content=\"https:\/\/www.stelvision.com\/astro\/boutique\/adaptateur-photo-smartphone\/\" \/>\n<meta property=\"og:site_name\" content=\"Stelvision\" \/>\n<meta property=\"article:publisher\" content=\"https:\/\/www.facebook.com\/people\/Stelvision\/100063368192331\/\" \/>\n<meta property=\"article:modified_time\" content=\"2026-04-10T14:22:08+00:00\" \/>\n<meta property=\"og:image\" content=\"https:\/\/www.stelvision.com\/astro\/wp-content\/uploads\/2022\/06\/02_adapt_leger.jpg\" \/>\n\t<meta property=\"og:image:width\" content=\"1024\" \/>\n\t<meta property=\"og:image:height\" content=\"1024\" \/>\n\t<meta property=\"og:image:type\" content=\"image\/jpeg\" \/>\n<meta name=\"twitter:card\" content=\"summary_large_image\" \/>\n<meta name=\"twitter:label1\" content=\"Dur\u00e9e de lecture estim\u00e9e\" \/>\n\t<meta name=\"twitter:data1\" content=\"1 minute\" \/>\n<script type=\"application\/ld+json\" class=\"yoast-schema-graph\">{\"@context\":\"https:\/\/schema.org\",\"@graph\":[{\"@type\":\"WebPage\",\"@id\":\"https:\/\/www.stelvision.com\/astro\/boutique\/adaptateur-photo-smartphone\/\",\"url\":\"https:\/\/www.stelvision.com\/astro\/boutique\/adaptateur-photo-smartphone\/\",\"name\":\"Adaptateur photo smartphone pour t\u00e9lescopes et jumelles\",\"isPartOf\":{\"@id\":\"https:\/\/www.stelvision.com\/astro\/#website\"},\"primaryImageOfPage\":{\"@id\":\"https:\/\/www.stelvision.com\/astro\/boutique\/adaptateur-photo-smartphone\/#primaryimage\"},\"image\":{\"@id\":\"https:\/\/www.stelvision.com\/astro\/boutique\/adaptateur-photo-smartphone\/#primaryimage\"},\"thumbnailUrl\":\"https:\/\/www.stelvision.com\/astro\/wp-content\/uploads\/2022\/06\/02_adapt_leger.jpg\",\"datePublished\":\"2022-06-20T14:07:20+00:00\",\"dateModified\":\"2026-04-10T14:22:08+00:00\",\"description\":\"Cet adaptateur permet de r\u00e9aliser facilement des photos avec votre smartphone au travers d'une lunette astronomique, d'un t\u00e9lescope ou encore de jumelles.\",\"breadcrumb\":{\"@id\":\"https:\/\/www.stelvision.com\/astro\/boutique\/adaptateur-photo-smartphone\/#breadcrumb\"},\"inLanguage\":\"fr-FR\",\"potentialAction\":[{\"@type\":\"ReadAction\",\"target\":[\"https:\/\/www.stelvision.com\/astro\/boutique\/adaptateur-photo-smartphone\/\"]}]},{\"@type\":\"ImageObject\",\"inLanguage\":\"fr-FR\",\"@id\":\"https:\/\/www.stelvision.com\/astro\/boutique\/adaptateur-photo-smartphone\/#primaryimage\",\"url\":\"https:\/\/www.stelvision.com\/astro\/wp-content\/uploads\/2022\/06\/02_adapt_leger.jpg\",\"contentUrl\":\"https:\/\/www.stelvision.com\/astro\/wp-content\/uploads\/2022\/06\/02_adapt_leger.jpg\",\"width\":1024,\"height\":1024,\"caption\":\"photo Adaptateur photo smartphone vue de trois-quarts\"},{\"@type\":\"BreadcrumbList\",\"@id\":\"https:\/\/www.stelvision.com\/astro\/boutique\/adaptateur-photo-smartphone\/#breadcrumb\",\"itemListElement\":[{\"@type\":\"ListItem\",\"position\":1,\"name\":\"Accueil\",\"item\":\"https:\/\/www.stelvision.com\/astro\/\"},{\"@type\":\"ListItem\",\"position\":2,\"name\":\"La Boutique Stelvision\",\"item\":\"https:\/\/www.stelvision.com\/astro\/boutique\/\"},{\"@type\":\"ListItem\",\"position\":3,\"name\":\"Adaptateur photo smartphone pour t\u00e9lescopes et jumelles\"}]},{\"@type\":\"WebSite\",\"@id\":\"https:\/\/www.stelvision.com\/astro\/#website\",\"url\":\"https:\/\/www.stelvision.com\/astro\/\",\"name\":\"Stelvision\",\"description\":\"conseils, livres et mat\u00e9riel d&#039;observation du ciel\",\"publisher\":{\"@id\":\"https:\/\/www.stelvision.com\/astro\/#organization\"},\"potentialAction\":[{\"@type\":\"SearchAction\",\"target\":{\"@type\":\"EntryPoint\",\"urlTemplate\":\"https:\/\/www.stelvision.com\/astro\/?s={search_term_string}\"},\"query-input\":{\"@type\":\"PropertyValueSpecification\",\"valueRequired\":true,\"valueName\":\"search_term_string\"}}],\"inLanguage\":\"fr-FR\"},{\"@type\":\"Organization\",\"@id\":\"https:\/\/www.stelvision.com\/astro\/#organization\",\"name\":\"Stelvision\",\"url\":\"https:\/\/www.stelvision.com\/astro\/\",\"logo\":{\"@type\":\"ImageObject\",\"inLanguage\":\"fr-FR\",\"@id\":\"https:\/\/www.stelvision.com\/astro\/#\/schema\/logo\/image\/\",\"url\":\"https:\/\/www.stelvision.com\/astro\/wp-content\/uploads\/2019\/03\/logo_lisse_bleu_Stelvision_600.png\",\"contentUrl\":\"https:\/\/www.stelvision.com\/astro\/wp-content\/uploads\/2019\/03\/logo_lisse_bleu_Stelvision_600.png\",\"width\":600,\"height\":277,\"caption\":\"Stelvision\"},\"image\":{\"@id\":\"https:\/\/www.stelvision.com\/astro\/#\/schema\/logo\/image\/\"},\"sameAs\":[\"https:\/\/www.facebook.com\/people\/Stelvision\/100063368192331\/\"]}]}<\/script>\n<!-- \/ Yoast SEO plugin. -->","yoast_head_json":{"title":"Adaptateur photo smartphone pour t\u00e9lescopes et jumelles","description":"Cet adaptateur permet de r\u00e9aliser facilement des photos avec votre smartphone au travers d'une lunette astronomique, d'un t\u00e9lescope ou encore de jumelles.","robots":{"index":"index","follow":"follow","max-snippet":"max-snippet:-1","max-image-preview":"max-image-preview:large","max-video-preview":"max-video-preview:-1"},"canonical":"https:\/\/www.stelvision.com\/astro\/boutique\/adaptateur-photo-smartphone\/","og_locale":"fr_FR","og_type":"article","og_title":"Adaptateur photo smartphone pour t\u00e9lescopes et jumelles","og_description":"Cet adaptateur permet de r\u00e9aliser facilement des photos avec votre smartphone au travers d'une lunette astronomique, d'un t\u00e9lescope ou encore de jumelles.","og_url":"https:\/\/www.stelvision.com\/astro\/boutique\/adaptateur-photo-smartphone\/","og_site_name":"Stelvision","article_publisher":"https:\/\/www.facebook.com\/people\/Stelvision\/100063368192331\/","article_modified_time":"2026-04-10T14:22:08+00:00","og_image":[{"width":1024,"height":1024,"url":"https:\/\/www.stelvision.com\/astro\/wp-content\/uploads\/2022\/06\/02_adapt_leger.jpg","type":"image\/jpeg"}],"twitter_card":"summary_large_image","twitter_misc":{"Dur\u00e9e de lecture estim\u00e9e":"1 minute"},"schema":{"@context":"https:\/\/schema.org","@graph":[{"@type":"WebPage","@id":"https:\/\/www.stelvision.com\/astro\/boutique\/adaptateur-photo-smartphone\/","url":"https:\/\/www.stelvision.com\/astro\/boutique\/adaptateur-photo-smartphone\/","name":"Adaptateur photo smartphone pour t\u00e9lescopes et jumelles","isPartOf":{"@id":"https:\/\/www.stelvision.com\/astro\/#website"},"primaryImageOfPage":{"@id":"https:\/\/www.stelvision.com\/astro\/boutique\/adaptateur-photo-smartphone\/#primaryimage"},"image":{"@id":"https:\/\/www.stelvision.com\/astro\/boutique\/adaptateur-photo-smartphone\/#primaryimage"},"thumbnailUrl":"https:\/\/www.stelvision.com\/astro\/wp-content\/uploads\/2022\/06\/02_adapt_leger.jpg","datePublished":"2022-06-20T14:07:20+00:00","dateModified":"2026-04-10T14:22:08+00:00","description":"Cet adaptateur permet de r\u00e9aliser facilement des photos avec votre smartphone au travers d'une lunette astronomique, d'un t\u00e9lescope ou encore de jumelles.","breadcrumb":{"@id":"https:\/\/www.stelvision.com\/astro\/boutique\/adaptateur-photo-smartphone\/#breadcrumb"},"inLanguage":"fr-FR","potentialAction":[{"@type":"ReadAction","target":["https:\/\/www.stelvision.com\/astro\/boutique\/adaptateur-photo-smartphone\/"]}]},{"@type":"ImageObject","inLanguage":"fr-FR","@id":"https:\/\/www.stelvision.com\/astro\/boutique\/adaptateur-photo-smartphone\/#primaryimage","url":"https:\/\/www.stelvision.com\/astro\/wp-content\/uploads\/2022\/06\/02_adapt_leger.jpg","contentUrl":"https:\/\/www.stelvision.com\/astro\/wp-content\/uploads\/2022\/06\/02_adapt_leger.jpg","width":1024,"height":1024,"caption":"photo Adaptateur photo smartphone vue de trois-quarts"},{"@type":"BreadcrumbList","@id":"https:\/\/www.stelvision.com\/astro\/boutique\/adaptateur-photo-smartphone\/#breadcrumb","itemListElement":[{"@type":"ListItem","position":1,"name":"Accueil","item":"https:\/\/www.stelvision.com\/astro\/"},{"@type":"ListItem","position":2,"name":"La Boutique Stelvision","item":"https:\/\/www.stelvision.com\/astro\/boutique\/"},{"@type":"ListItem","position":3,"name":"Adaptateur photo smartphone pour t\u00e9lescopes et jumelles"}]},{"@type":"WebSite","@id":"https:\/\/www.stelvision.com\/astro\/#website","url":"https:\/\/www.stelvision.com\/astro\/","name":"Stelvision","description":"conseils, livres et mat\u00e9riel d&#039;observation du ciel","publisher":{"@id":"https:\/\/www.stelvision.com\/astro\/#organization"},"potentialAction":[{"@type":"SearchAction","target":{"@type":"EntryPoint","urlTemplate":"https:\/\/www.stelvision.com\/astro\/?s={search_term_string}"},"query-input":{"@type":"PropertyValueSpecification","valueRequired":true,"valueName":"search_term_string"}}],"inLanguage":"fr-FR"},{"@type":"Organization","@id":"https:\/\/www.stelvision.com\/astro\/#organization","name":"Stelvision","url":"https:\/\/www.stelvision.com\/astro\/","logo":{"@type":"ImageObject","inLanguage":"fr-FR","@id":"https:\/\/www.stelvision.com\/astro\/#\/schema\/logo\/image\/","url":"https:\/\/www.stelvision.com\/astro\/wp-content\/uploads\/2019\/03\/logo_lisse_bleu_Stelvision_600.png","contentUrl":"https:\/\/www.stelvision.com\/astro\/wp-content\/uploads\/2019\/03\/logo_lisse_bleu_Stelvision_600.png","width":600,"height":277,"caption":"Stelvision"},"image":{"@id":"https:\/\/www.stelvision.com\/astro\/#\/schema\/logo\/image\/"},"sameAs":["https:\/\/www.facebook.com\/people\/Stelvision\/100063368192331\/"]}]}},"_links":{"self":[{"href":"https:\/\/www.stelvision.com\/astro\/wp-json\/wp\/v2\/product\/45332","targetHints":{"allow":["GET"]}}],"collection":[{"href":"https:\/\/www.stelvision.com\/astro\/wp-json\/wp\/v2\/product"}],"about":[{"href":"https:\/\/www.stelvision.com\/astro\/wp-json\/wp\/v2\/types\/product"}],"wp:featuredmedia":[{"embeddable":true,"href":"https:\/\/www.stelvision.com\/astro\/wp-json\/wp\/v2\/media\/45336"}],"wp:attachment":[{"href":"https:\/\/www.stelvision.com\/astro\/wp-json\/wp\/v2\/media?parent=45332"}],"wp:term":[{"taxonomy":"product_brand","embeddable":true,"href":"https:\/\/www.stelvision.com\/astro\/wp-json\/wp\/v2\/product_brand?post=45332"},{"taxonomy":"product_cat","embeddable":true,"href":"https:\/\/www.stelvision.com\/astro\/wp-json\/wp\/v2\/product_cat?post=45332"},{"taxonomy":"product_tag","embeddable":true,"href":"https:\/\/www.stelvision.com\/astro\/wp-json\/wp\/v2\/product_tag?post=45332"}],"curies":[{"name":"wp","href":"https:\/\/api.w.org\/{rel}","templated":true}]}}