{"id":44875,"date":"2022-06-07T17:33:29","date_gmt":"2022-06-07T15:33:29","guid":{"rendered":"https:\/\/www.stelvision.com\/astro\/?post_type=product&#038;p=44875"},"modified":"2026-04-10T16:31:02","modified_gmt":"2026-04-10T14:31:02","slug":"pointeur-quikfinder-pour-stelescope-200","status":"publish","type":"product","link":"https:\/\/www.stelvision.com\/astro\/boutique\/pointeur-quikfinder-pour-stelescope-200\/","title":{"rendered":"[-30%] Pointeur QuikFinder pour Stelescope 200 (ou t\u00e9lescope \u00e9quivalent)"},"content":{"rendered":"<h2>Un outil redoutablement efficace pour pointer rapidement !<\/h2>\n<div style=\"margin-bottom: 1em;\"><span class=\"color2\">\u00a0Avec pile Varta offerte\u00a0<\/span><\/div>\n<p>Pointer un astre dans le ciel avec un t\u00e9lescope peut s&rsquo;av\u00e9rer d\u00e9licat et n\u00e9cessite un bon \u00e9quipement de vis\u00e9e. Le Stelescope 200 et d&rsquo;autres t\u00e9lescopes du commerce sont livr\u00e9s avec un chercheur optique qui n\u00e9cessite un peu d&rsquo;habitude pour \u00eatre bien utilis\u00e9. Il peut d\u00e9router\u00a0 les d\u00e9butants car il fournit une image grossie et invers\u00e9e droite\/gauche et haut\/bas.<\/p>\n<p><strong>Le pointeur QuikFinder facilite le pointage<\/strong> gr\u00e2ce \u00e0 une mire lumineuse rouge affich\u00e9e sur une fen\u00eatre qui laisse voir le ciel, sans aucun grossissement. Cette mire est compos\u00e9e de deux cercles concentriques : un cercle de 0,5\u00b0 correspondant au diam\u00e8tre apparent de la Lune et un cercle de 2\u00b0. Un astre brillant peut ainsi \u00eatre point\u00e9 en quelques secondes : il suffit de le placer au centre de la mire. Pour les astres plus difficiles, ceux qui ne sont pas visibles \u00e0 l&rsquo;\u0153il nu, les cercles sont une aide pr\u00e9cieuse pour se rep\u00e9rer par rapport \u00e0 des \u00e9toiles situ\u00e9es au voisinage.<\/p>\n<p>De plus, le QuikFinder est <strong>tr\u00e8s facile \u00e0 r\u00e9gler<\/strong>\u00a0gr\u00e2ce \u00e0 trois molettes qui permettent d&rsquo;aligner parfaitement la mire sur l&rsquo;axe optique du t\u00e9lescope.<\/p>\n<p>Le QuikFinder est un \u00e9quipement r\u00e9put\u00e9 de longue date dans le monde de l&rsquo;astronomie amateur. Il a l&rsquo;avantage, par rapport \u00e0 d&rsquo;autres types de pointeurs \u00e0 cercles concentriques, d&rsquo;\u00eatre particuli\u00e8rement <strong>compact et l\u00e9ger<\/strong>. Il peut donc \u00eatre mont\u00e9 sur votre instrument sans risque de le d\u00e9s\u00e9quilibrer.<\/p>\n<p>Le QuikFinder est donc un parfait<strong> compl\u00e9ment du chercheur optique<\/strong> : \u00a0avec lui vous r\u00e9aliserez le pointage direct et ultra-rapide de la Lune, des plan\u00e8tes brillantes et astres situ\u00e9s au voisinage d&rsquo;\u00e9toiles brillantes ; avec le chercheur, vous cheminerez d&rsquo;\u00e9toile en \u00e9toile vers les cibles les plus difficiles \u00e0 partir d&rsquo;un pointage initial r\u00e9alis\u00e9 au QuikFinder. Vous serez ainsi parfaitement arm\u00e9 pour faire face \u00e0 toutes les situations !<\/p>\n<p>Stelvision importe directement cet accessoire aupr\u00e8s du fabriquant am\u00e9ricain\u00a0 Rigel Systems et vous le propose avec :<\/p>\n<ul>\n<li>une pile CR2032 Varta <u>offerte<\/u>,<\/li>\n<li>une embase adapt\u00e9e au diam\u00e8tre du Stelescope 200 (ou tout t\u00e9lescope de diam\u00e8tre &gt; 150 mm), une paire de bandes adh\u00e9sives double-face.<\/li>\n<\/ul>\n<p>NB : cette version du produit est livr\u00e9e sans notice papier car elle est pr\u00e9vue \u00e0 l&rsquo;origine pour le Stelescope 200 dont la notice comprend une section d\u00e9di\u00e9e au QuikFinder. Si vous achetez ce produit pour un autre t\u00e9lescope, vous trouverez <a href=\"https:\/\/www.stelvision.com\/astro\/wp-content\/uploads\/2022\/03\/notice_quikFinder_v2_BD.pdf\">la notice \u00e0 t\u00e9l\u00e9charger ici<\/a>.<\/p>\n<p>Dimensions : 12.3 x 3.3 x 3.3 cm (hors embase) &#8211; Poids : 75 gr<\/p>\n<p>Fabriqu\u00e9 aux USA.<\/p>\n","protected":false},"excerpt":{"rendered":"<p>Cet accessoire facilite le pointage des astres avec un t\u00e9lescope, gr\u00e2ce \u00e0 des cercles concentriques affich\u00e9s sur une fen\u00eatre de vis\u00e9e qui laisse voir le ciel. \u00c0 utiliser en remplacement ou en compl\u00e9ment d&rsquo;un chercheur optique.<\/p>\n","protected":false},"featured_media":42751,"template":"","meta":{"_acf_changed":false},"product_brand":[],"product_cat":[127,377],"product_tag":[],"class_list":{"0":"post-44875","1":"product","2":"type-product","3":"status-publish","4":"has-post-thumbnail","6":"product_cat-telescopes-lunettes","7":"product_cat-soldes","8":"product_shipping_class-easyscope-oculaires-accessoires","10":"first","11":"instock","12":"sale","13":"taxable","14":"shipping-taxable","15":"purchasable","16":"product-type-simple"},"acf":[],"yoast_head":"<!-- This site is optimized with the Yoast SEO plugin v27.1.1 - https:\/\/yoast.com\/product\/yoast-seo-wordpress\/ -->\n<title>[-30%] Pointeur QuikFinder pour Stelescope 200 (ou t\u00e9lescope \u00e9quivalent)<\/title>\n<meta name=\"description\" content=\"Cet accessoire facilite le pointage des astres avec un Stelescope 200, gr\u00e2ce \u00e0 des cercles concentriques affich\u00e9s sur une fen\u00eatre de vis\u00e9e qui laisse voir le ciel. \u00c0 utiliser en remplacement ou en compl\u00e9ment du chercheur optique.\" \/>\n<meta name=\"robots\" content=\"index, follow, max-snippet:-1, max-image-preview:large, max-video-preview:-1\" \/>\n<link rel=\"canonical\" href=\"https:\/\/www.stelvision.com\/astro\/boutique\/pointeur-quikfinder-pour-stelescope-200\/\" \/>\n<meta property=\"og:locale\" content=\"fr_FR\" \/>\n<meta property=\"og:type\" content=\"article\" \/>\n<meta property=\"og:title\" content=\"[-30%] Pointeur QuikFinder pour Stelescope 200 (ou t\u00e9lescope \u00e9quivalent)\" \/>\n<meta property=\"og:description\" content=\"Cet accessoire facilite le pointage des astres avec un Stelescope 200, gr\u00e2ce \u00e0 des cercles concentriques affich\u00e9s sur une fen\u00eatre de vis\u00e9e qui laisse voir le ciel. \u00c0 utiliser en remplacement ou en compl\u00e9ment du chercheur optique.\" \/>\n<meta property=\"og:url\" content=\"https:\/\/www.stelvision.com\/astro\/boutique\/pointeur-quikfinder-pour-stelescope-200\/\" \/>\n<meta property=\"og:site_name\" content=\"Stelvision\" \/>\n<meta property=\"article:publisher\" content=\"https:\/\/www.facebook.com\/people\/Stelvision\/100063368192331\/\" \/>\n<meta property=\"article:modified_time\" content=\"2026-04-10T14:31:02+00:00\" \/>\n<meta property=\"og:image\" content=\"https:\/\/www.stelvision.com\/astro\/wp-content\/uploads\/2022\/03\/01_QuikFinder_arriere.jpg\" \/>\n\t<meta property=\"og:image:width\" content=\"1000\" \/>\n\t<meta property=\"og:image:height\" content=\"1000\" \/>\n\t<meta property=\"og:image:type\" content=\"image\/jpeg\" \/>\n<meta name=\"twitter:card\" content=\"summary_large_image\" \/>\n<meta name=\"twitter:label1\" content=\"Dur\u00e9e de lecture estim\u00e9e\" \/>\n\t<meta name=\"twitter:data1\" content=\"3 minutes\" \/>\n<script type=\"application\/ld+json\" class=\"yoast-schema-graph\">{\"@context\":\"https:\/\/schema.org\",\"@graph\":[{\"@type\":\"WebPage\",\"@id\":\"https:\/\/www.stelvision.com\/astro\/boutique\/pointeur-quikfinder-pour-stelescope-200\/\",\"url\":\"https:\/\/www.stelvision.com\/astro\/boutique\/pointeur-quikfinder-pour-stelescope-200\/\",\"name\":\"[-30%] Pointeur QuikFinder pour Stelescope 200 (ou t\u00e9lescope \u00e9quivalent)\",\"isPartOf\":{\"@id\":\"https:\/\/www.stelvision.com\/astro\/#website\"},\"primaryImageOfPage\":{\"@id\":\"https:\/\/www.stelvision.com\/astro\/boutique\/pointeur-quikfinder-pour-stelescope-200\/#primaryimage\"},\"image\":{\"@id\":\"https:\/\/www.stelvision.com\/astro\/boutique\/pointeur-quikfinder-pour-stelescope-200\/#primaryimage\"},\"thumbnailUrl\":\"https:\/\/www.stelvision.com\/astro\/wp-content\/uploads\/2022\/03\/01_QuikFinder_arriere.jpg\",\"datePublished\":\"2022-06-07T15:33:29+00:00\",\"dateModified\":\"2026-04-10T14:31:02+00:00\",\"description\":\"Cet accessoire facilite le pointage des astres avec un Stelescope 200, gr\u00e2ce \u00e0 des cercles concentriques affich\u00e9s sur une fen\u00eatre de vis\u00e9e qui laisse voir le ciel. \u00c0 utiliser en remplacement ou en compl\u00e9ment du chercheur optique.\",\"breadcrumb\":{\"@id\":\"https:\/\/www.stelvision.com\/astro\/boutique\/pointeur-quikfinder-pour-stelescope-200\/#breadcrumb\"},\"inLanguage\":\"fr-FR\",\"potentialAction\":[{\"@type\":\"ReadAction\",\"target\":[\"https:\/\/www.stelvision.com\/astro\/boutique\/pointeur-quikfinder-pour-stelescope-200\/\"]}]},{\"@type\":\"ImageObject\",\"inLanguage\":\"fr-FR\",\"@id\":\"https:\/\/www.stelvision.com\/astro\/boutique\/pointeur-quikfinder-pour-stelescope-200\/#primaryimage\",\"url\":\"https:\/\/www.stelvision.com\/astro\/wp-content\/uploads\/2022\/03\/01_QuikFinder_arriere.jpg\",\"contentUrl\":\"https:\/\/www.stelvision.com\/astro\/wp-content\/uploads\/2022\/03\/01_QuikFinder_arriere.jpg\",\"width\":1000,\"height\":1000,\"caption\":\"pointeur QuikFinder\"},{\"@type\":\"BreadcrumbList\",\"@id\":\"https:\/\/www.stelvision.com\/astro\/boutique\/pointeur-quikfinder-pour-stelescope-200\/#breadcrumb\",\"itemListElement\":[{\"@type\":\"ListItem\",\"position\":1,\"name\":\"Accueil\",\"item\":\"https:\/\/www.stelvision.com\/astro\/\"},{\"@type\":\"ListItem\",\"position\":2,\"name\":\"La Boutique Stelvision\",\"item\":\"https:\/\/www.stelvision.com\/astro\/boutique\/\"},{\"@type\":\"ListItem\",\"position\":3,\"name\":\"[-30%] Pointeur QuikFinder pour Stelescope 200 (ou t\u00e9lescope \u00e9quivalent)\"}]},{\"@type\":\"WebSite\",\"@id\":\"https:\/\/www.stelvision.com\/astro\/#website\",\"url\":\"https:\/\/www.stelvision.com\/astro\/\",\"name\":\"Stelvision\",\"description\":\"conseils, livres et mat\u00e9riel d&#039;observation du ciel\",\"publisher\":{\"@id\":\"https:\/\/www.stelvision.com\/astro\/#organization\"},\"potentialAction\":[{\"@type\":\"SearchAction\",\"target\":{\"@type\":\"EntryPoint\",\"urlTemplate\":\"https:\/\/www.stelvision.com\/astro\/?s={search_term_string}\"},\"query-input\":{\"@type\":\"PropertyValueSpecification\",\"valueRequired\":true,\"valueName\":\"search_term_string\"}}],\"inLanguage\":\"fr-FR\"},{\"@type\":\"Organization\",\"@id\":\"https:\/\/www.stelvision.com\/astro\/#organization\",\"name\":\"Stelvision\",\"url\":\"https:\/\/www.stelvision.com\/astro\/\",\"logo\":{\"@type\":\"ImageObject\",\"inLanguage\":\"fr-FR\",\"@id\":\"https:\/\/www.stelvision.com\/astro\/#\/schema\/logo\/image\/\",\"url\":\"https:\/\/www.stelvision.com\/astro\/wp-content\/uploads\/2019\/03\/logo_lisse_bleu_Stelvision_600.png\",\"contentUrl\":\"https:\/\/www.stelvision.com\/astro\/wp-content\/uploads\/2019\/03\/logo_lisse_bleu_Stelvision_600.png\",\"width\":600,\"height\":277,\"caption\":\"Stelvision\"},\"image\":{\"@id\":\"https:\/\/www.stelvision.com\/astro\/#\/schema\/logo\/image\/\"},\"sameAs\":[\"https:\/\/www.facebook.com\/people\/Stelvision\/100063368192331\/\"]}]}<\/script>\n<!-- \/ Yoast SEO plugin. -->","yoast_head_json":{"title":"[-30%] Pointeur QuikFinder pour Stelescope 200 (ou t\u00e9lescope \u00e9quivalent)","description":"Cet accessoire facilite le pointage des astres avec un Stelescope 200, gr\u00e2ce \u00e0 des cercles concentriques affich\u00e9s sur une fen\u00eatre de vis\u00e9e qui laisse voir le ciel. \u00c0 utiliser en remplacement ou en compl\u00e9ment du chercheur optique.","robots":{"index":"index","follow":"follow","max-snippet":"max-snippet:-1","max-image-preview":"max-image-preview:large","max-video-preview":"max-video-preview:-1"},"canonical":"https:\/\/www.stelvision.com\/astro\/boutique\/pointeur-quikfinder-pour-stelescope-200\/","og_locale":"fr_FR","og_type":"article","og_title":"[-30%] Pointeur QuikFinder pour Stelescope 200 (ou t\u00e9lescope \u00e9quivalent)","og_description":"Cet accessoire facilite le pointage des astres avec un Stelescope 200, gr\u00e2ce \u00e0 des cercles concentriques affich\u00e9s sur une fen\u00eatre de vis\u00e9e qui laisse voir le ciel. \u00c0 utiliser en remplacement ou en compl\u00e9ment du chercheur optique.","og_url":"https:\/\/www.stelvision.com\/astro\/boutique\/pointeur-quikfinder-pour-stelescope-200\/","og_site_name":"Stelvision","article_publisher":"https:\/\/www.facebook.com\/people\/Stelvision\/100063368192331\/","article_modified_time":"2026-04-10T14:31:02+00:00","og_image":[{"width":1000,"height":1000,"url":"https:\/\/www.stelvision.com\/astro\/wp-content\/uploads\/2022\/03\/01_QuikFinder_arriere.jpg","type":"image\/jpeg"}],"twitter_card":"summary_large_image","twitter_misc":{"Dur\u00e9e de lecture estim\u00e9e":"3 minutes"},"schema":{"@context":"https:\/\/schema.org","@graph":[{"@type":"WebPage","@id":"https:\/\/www.stelvision.com\/astro\/boutique\/pointeur-quikfinder-pour-stelescope-200\/","url":"https:\/\/www.stelvision.com\/astro\/boutique\/pointeur-quikfinder-pour-stelescope-200\/","name":"[-30%] Pointeur QuikFinder pour Stelescope 200 (ou t\u00e9lescope \u00e9quivalent)","isPartOf":{"@id":"https:\/\/www.stelvision.com\/astro\/#website"},"primaryImageOfPage":{"@id":"https:\/\/www.stelvision.com\/astro\/boutique\/pointeur-quikfinder-pour-stelescope-200\/#primaryimage"},"image":{"@id":"https:\/\/www.stelvision.com\/astro\/boutique\/pointeur-quikfinder-pour-stelescope-200\/#primaryimage"},"thumbnailUrl":"https:\/\/www.stelvision.com\/astro\/wp-content\/uploads\/2022\/03\/01_QuikFinder_arriere.jpg","datePublished":"2022-06-07T15:33:29+00:00","dateModified":"2026-04-10T14:31:02+00:00","description":"Cet accessoire facilite le pointage des astres avec un Stelescope 200, gr\u00e2ce \u00e0 des cercles concentriques affich\u00e9s sur une fen\u00eatre de vis\u00e9e qui laisse voir le ciel. \u00c0 utiliser en remplacement ou en compl\u00e9ment du chercheur optique.","breadcrumb":{"@id":"https:\/\/www.stelvision.com\/astro\/boutique\/pointeur-quikfinder-pour-stelescope-200\/#breadcrumb"},"inLanguage":"fr-FR","potentialAction":[{"@type":"ReadAction","target":["https:\/\/www.stelvision.com\/astro\/boutique\/pointeur-quikfinder-pour-stelescope-200\/"]}]},{"@type":"ImageObject","inLanguage":"fr-FR","@id":"https:\/\/www.stelvision.com\/astro\/boutique\/pointeur-quikfinder-pour-stelescope-200\/#primaryimage","url":"https:\/\/www.stelvision.com\/astro\/wp-content\/uploads\/2022\/03\/01_QuikFinder_arriere.jpg","contentUrl":"https:\/\/www.stelvision.com\/astro\/wp-content\/uploads\/2022\/03\/01_QuikFinder_arriere.jpg","width":1000,"height":1000,"caption":"pointeur QuikFinder"},{"@type":"BreadcrumbList","@id":"https:\/\/www.stelvision.com\/astro\/boutique\/pointeur-quikfinder-pour-stelescope-200\/#breadcrumb","itemListElement":[{"@type":"ListItem","position":1,"name":"Accueil","item":"https:\/\/www.stelvision.com\/astro\/"},{"@type":"ListItem","position":2,"name":"La Boutique Stelvision","item":"https:\/\/www.stelvision.com\/astro\/boutique\/"},{"@type":"ListItem","position":3,"name":"[-30%] Pointeur QuikFinder pour Stelescope 200 (ou t\u00e9lescope \u00e9quivalent)"}]},{"@type":"WebSite","@id":"https:\/\/www.stelvision.com\/astro\/#website","url":"https:\/\/www.stelvision.com\/astro\/","name":"Stelvision","description":"conseils, livres et mat\u00e9riel d&#039;observation du ciel","publisher":{"@id":"https:\/\/www.stelvision.com\/astro\/#organization"},"potentialAction":[{"@type":"SearchAction","target":{"@type":"EntryPoint","urlTemplate":"https:\/\/www.stelvision.com\/astro\/?s={search_term_string}"},"query-input":{"@type":"PropertyValueSpecification","valueRequired":true,"valueName":"search_term_string"}}],"inLanguage":"fr-FR"},{"@type":"Organization","@id":"https:\/\/www.stelvision.com\/astro\/#organization","name":"Stelvision","url":"https:\/\/www.stelvision.com\/astro\/","logo":{"@type":"ImageObject","inLanguage":"fr-FR","@id":"https:\/\/www.stelvision.com\/astro\/#\/schema\/logo\/image\/","url":"https:\/\/www.stelvision.com\/astro\/wp-content\/uploads\/2019\/03\/logo_lisse_bleu_Stelvision_600.png","contentUrl":"https:\/\/www.stelvision.com\/astro\/wp-content\/uploads\/2019\/03\/logo_lisse_bleu_Stelvision_600.png","width":600,"height":277,"caption":"Stelvision"},"image":{"@id":"https:\/\/www.stelvision.com\/astro\/#\/schema\/logo\/image\/"},"sameAs":["https:\/\/www.facebook.com\/people\/Stelvision\/100063368192331\/"]}]}},"_links":{"self":[{"href":"https:\/\/www.stelvision.com\/astro\/wp-json\/wp\/v2\/product\/44875","targetHints":{"allow":["GET"]}}],"collection":[{"href":"https:\/\/www.stelvision.com\/astro\/wp-json\/wp\/v2\/product"}],"about":[{"href":"https:\/\/www.stelvision.com\/astro\/wp-json\/wp\/v2\/types\/product"}],"wp:featuredmedia":[{"embeddable":true,"href":"https:\/\/www.stelvision.com\/astro\/wp-json\/wp\/v2\/media\/42751"}],"wp:attachment":[{"href":"https:\/\/www.stelvision.com\/astro\/wp-json\/wp\/v2\/media?parent=44875"}],"wp:term":[{"taxonomy":"product_brand","embeddable":true,"href":"https:\/\/www.stelvision.com\/astro\/wp-json\/wp\/v2\/product_brand?post=44875"},{"taxonomy":"product_cat","embeddable":true,"href":"https:\/\/www.stelvision.com\/astro\/wp-json\/wp\/v2\/product_cat?post=44875"},{"taxonomy":"product_tag","embeddable":true,"href":"https:\/\/www.stelvision.com\/astro\/wp-json\/wp\/v2\/product_tag?post=44875"}],"curies":[{"name":"wp","href":"https:\/\/api.w.org\/{rel}","templated":true}]}}